{"id":970,"date":"2024-11-06T22:17:00","date_gmt":"2024-11-06T21:17:00","guid":{"rendered":"https:\/\/grandline.200.solutions\/?post_type=product&#038;p=970"},"modified":"2024-11-13T12:01:17","modified_gmt":"2024-11-13T11:01:17","slug":"pokemon-scarlet-violet-mask-of-change-booster-japonsky","status":"publish","type":"product","link":"https:\/\/grandline.200.solutions\/?product=pokemon-scarlet-violet-mask-of-change-booster-japonsky","title":{"rendered":"Pok\u00e9mon Scarlet &#038; Violet Mask Of Change Booster (japonsky)"},"content":{"rendered":"<p><strong>Pok\u00e9mon Scarlet &amp; Violet Mask Of Change Booster (japonsky)<\/strong> je exkluzivn\u00ed balen\u00ed karet z japonsk\u00e9 edice Pok\u00e9mon TCG, kter\u00e9 p\u0159in\u00e1\u0161\u00ed zcela nov\u00e9 strategie, Pok\u00e9mony a vz\u00e1cn\u00e9 karty. Tento box obsahuje n\u011bkolik booster bal\u00ed\u010dk\u016f s unik\u00e1tn\u00edmi ilustracemi a speci\u00e1ln\u00edmi kartami, kter\u00e9 roz\u0161i\u0159uj\u00ed hern\u00ed mo\u017enosti a obohacuj\u00ed sb\u00edrku ka\u017ed\u00e9ho fanou\u0161ka. Mask Of Change edice je ide\u00e1ln\u00ed volbou pro sb\u011bratele i hr\u00e1\u010de, kte\u0159\u00ed cht\u011bj\u00ed objevovat nov\u00e9 hern\u00ed kombinace a za\u017e\u00edt japonskou verzi Pok\u00e9mon TCG s jedine\u010dn\u00fdm designem a kartami, kter\u00e9 jinde nenajdou.<\/p>\n<p><b>Vlastnosti:\u00a0<\/b><\/p>\n<p><span style=\"font-weight: 400;\">Jeden bal\u00ed\u010dek obsahuje 5 karet<\/span><\/p>\n<p><span style=\"font-weight: 400;\">Sb\u011bratelsk\u00e1 edice v japon\u0161tin\u011b<\/span><\/p>\n","protected":false},"excerpt":{"rendered":"<p><strong>Pok\u00e9mon Scarlet &amp; Violet Mask Of Change Booster (japonsky)<\/strong> je exkluzivn\u00ed balen\u00ed karet z japonsk\u00e9 edice Pok\u00e9mon TCG, kter\u00e9 p\u0159in\u00e1\u0161\u00ed zcela nov\u00e9 strategie, Pok\u00e9mony a vz\u00e1cn\u00e9 karty. Tento box obsahuje n\u011bkolik booster bal\u00ed\u010dk\u016f s unik\u00e1tn\u00edmi ilustracemi a speci\u00e1ln\u00edmi kartami, kter\u00e9 roz\u0161i\u0159uj\u00ed hern\u00ed mo\u017enosti a obohacuj\u00ed sb\u00edrku ka\u017ed\u00e9ho fanou\u0161ka. Mask Of Change edice je ide\u00e1ln\u00ed volbou pro sb\u011bratele i hr\u00e1\u010de, kte\u0159\u00ed cht\u011bj\u00ed objevovat nov\u00e9 hern\u00ed kombinace a za\u017e\u00edt japonskou verzi Pok\u00e9mon TCG s jedine\u010dn\u00fdm designem a kartami, kter\u00e9 jinde nenajdou.<\/p>\n","protected":false},"featured_media":971,"comment_status":"open","ping_status":"closed","template":"","meta":{"inline_featured_image":false},"product_cat":[91,81,92],"product_tag":[],"class_list":{"0":"post-970","1":"product","2":"type-product","3":"status-publish","4":"has-post-thumbnail","6":"product_cat-karty","7":"product_cat-pokemon","8":"product_cat-the-pokemon-company","10":"first","11":"instock","12":"shipping-taxable","13":"purchasable","14":"product-type-simple"},"_links":{"self":[{"href":"https:\/\/grandline.200.solutions\/index.php?rest_route=\/wp\/v2\/product\/970","targetHints":{"allow":["GET"]}}],"collection":[{"href":"https:\/\/grandline.200.solutions\/index.php?rest_route=\/wp\/v2\/product"}],"about":[{"href":"https:\/\/grandline.200.solutions\/index.php?rest_route=\/wp\/v2\/types\/product"}],"replies":[{"embeddable":true,"href":"https:\/\/grandline.200.solutions\/index.php?rest_route=%2Fwp%2Fv2%2Fcomments&post=970"}],"wp:featuredmedia":[{"embeddable":true,"href":"https:\/\/grandline.200.solutions\/index.php?rest_route=\/wp\/v2\/media\/971"}],"wp:attachment":[{"href":"https:\/\/grandline.200.solutions\/index.php?rest_route=%2Fwp%2Fv2%2Fmedia&parent=970"}],"wp:term":[{"taxonomy":"product_cat","embeddable":true,"href":"https:\/\/grandline.200.solutions\/index.php?rest_route=%2Fwp%2Fv2%2Fproduct_cat&post=970"},{"taxonomy":"product_tag","embeddable":true,"href":"https:\/\/grandline.200.solutions\/index.php?rest_route=%2Fwp%2Fv2%2Fproduct_tag&post=970"}],"curies":[{"name":"wp","href":"https:\/\/api.w.org\/{rel}","templated":true}]}}