{"id":959,"date":"2024-11-06T21:58:17","date_gmt":"2024-11-06T20:58:17","guid":{"rendered":"https:\/\/grandline.200.solutions\/?post_type=product&#038;p=959"},"modified":"2024-11-13T11:56:50","modified_gmt":"2024-11-13T10:56:50","slug":"pokemon-all-star-collection-plush-magikarp-pp98-s","status":"publish","type":"product","link":"https:\/\/grandline.200.solutions\/?product=pokemon-all-star-collection-plush-magikarp-pp98-s","title":{"rendered":"Pok\u00e9mon All Star Collection Plush Magikarp PP98 (S)"},"content":{"rendered":"<div class=\"flex-shrink-0 flex flex-col relative items-end\">\n<div class=\"pt-0\">\n<div class=\"gizmo-bot-avatar flex h-8 w-8 items-center justify-center overflow-hidden rounded-full\">\n<div class=\"relative p-1 rounded-sm flex items-center justify-center bg-token-main-surface-primary text-token-text-primary h-8 w-8\"><b>Pok\u00e9mon All Star Collection Plush Magikarp PP98 (S)<\/b><span style=\"font-weight: 400;\"> je z\u00e1bavn\u00e1 ply\u0161ov\u00e1 hra\u010dka p\u0159edstavuj\u00edc\u00ed ikonick\u00e9ho vodn\u00edho Pok\u00e9mona Magikarpa. Tento ply\u0161\u00e1k, vysok\u00fd p\u0159ibli\u017en\u011b 18 cm, je vyroben z m\u011bkk\u00e9ho materi\u00e1lu s detailn\u00edm zpracov\u00e1n\u00edm oran\u017eov\u00fdch \u0161upin a ploutv\u00ed. Skv\u011bl\u00fd d\u00e1rek pro sb\u011bratele a fanou\u0161ky Pok\u00e9mon\u016f, kte\u0159\u00ed ocen\u00ed Magikarpovu jedine\u010dnost a humor.<\/span><\/div>\n<div>\n<p><b>Vlastnosti:\u00a0<\/b><\/p>\n<p><span style=\"font-weight: 400;\">V\u00fd\u0161ka &#8211; 18 cm<\/span><\/p>\n<p><span style=\"font-weight: 400;\">\u0160\u00ed\u0159ka &#8211; 21 cm<\/span><\/p>\n<p><span style=\"font-weight: 400;\">D\u00e9lka &#8211; 8 cm<\/span><\/p>\n<p><span style=\"font-weight: 400;\">Materi\u00e1l &#8211; Ply\u0161<\/span><\/p>\n<\/div>\n<\/div>\n<\/div>\n<\/div>\n","protected":false},"excerpt":{"rendered":"<p><b>Pok\u00e9mon All Star Collection Plush Magikarp PP98 (S)<\/b><span style=\"font-weight: 400;\"> je z\u00e1bavn\u00e1 ply\u0161ov\u00e1 hra\u010dka p\u0159edstavuj\u00edc\u00ed ikonick\u00e9ho vodn\u00edho Pok\u00e9mona Magikarpa. Tento ply\u0161\u00e1k, vysok\u00fd p\u0159ibli\u017en\u011b 18 cm, je vyroben z m\u011bkk\u00e9ho materi\u00e1lu s detailn\u00edm zpracov\u00e1n\u00edm oran\u017eov\u00fdch \u0161upin a ploutv\u00ed. Skv\u011bl\u00fd d\u00e1rek pro sb\u011bratele a fanou\u0161ky Pok\u00e9mon\u016f, kte\u0159\u00ed ocen\u00ed Magikarpovu jedine\u010dnost a humor.<\/span><\/p>\n","protected":false},"featured_media":960,"comment_status":"open","ping_status":"closed","template":"","meta":{"inline_featured_image":false},"product_cat":[90,81,89],"product_tag":[],"class_list":{"0":"post-959","1":"product","2":"type-product","3":"status-publish","4":"has-post-thumbnail","6":"product_cat-plysaci","7":"product_cat-pokemon","8":"product_cat-san-ei-boeki","10":"first","11":"instock","12":"shipping-taxable","13":"purchasable","14":"product-type-simple"},"_links":{"self":[{"href":"https:\/\/grandline.200.solutions\/index.php?rest_route=\/wp\/v2\/product\/959","targetHints":{"allow":["GET"]}}],"collection":[{"href":"https:\/\/grandline.200.solutions\/index.php?rest_route=\/wp\/v2\/product"}],"about":[{"href":"https:\/\/grandline.200.solutions\/index.php?rest_route=\/wp\/v2\/types\/product"}],"replies":[{"embeddable":true,"href":"https:\/\/grandline.200.solutions\/index.php?rest_route=%2Fwp%2Fv2%2Fcomments&post=959"}],"wp:featuredmedia":[{"embeddable":true,"href":"https:\/\/grandline.200.solutions\/index.php?rest_route=\/wp\/v2\/media\/960"}],"wp:attachment":[{"href":"https:\/\/grandline.200.solutions\/index.php?rest_route=%2Fwp%2Fv2%2Fmedia&parent=959"}],"wp:term":[{"taxonomy":"product_cat","embeddable":true,"href":"https:\/\/grandline.200.solutions\/index.php?rest_route=%2Fwp%2Fv2%2Fproduct_cat&post=959"},{"taxonomy":"product_tag","embeddable":true,"href":"https:\/\/grandline.200.solutions\/index.php?rest_route=%2Fwp%2Fv2%2Fproduct_tag&post=959"}],"curies":[{"name":"wp","href":"https:\/\/api.w.org\/{rel}","templated":true}]}}