{"id":957,"date":"2024-11-06T21:53:23","date_gmt":"2024-11-06T20:53:23","guid":{"rendered":"https:\/\/grandline.200.solutions\/?post_type=product&#038;p=957"},"modified":"2024-11-13T11:57:36","modified_gmt":"2024-11-13T10:57:36","slug":"pokemon-all-star-collection-plush-vaporeon-pp110-s","status":"publish","type":"product","link":"https:\/\/grandline.200.solutions\/?product=pokemon-all-star-collection-plush-vaporeon-pp110-s","title":{"rendered":"Pok\u00e9mon All Star Collection Plush Vaporeon PP110 (S)"},"content":{"rendered":"<p><b>Pok\u00e9mon All Star Collection Plush Vaporeon PP110 (S)<\/b><span style=\"font-weight: 400;\"> je n\u00e1dhern\u00e1 ply\u0161ov\u00e1 hra\u010dka inspirovan\u00e1 vodn\u00edm Pok\u00e9monem Vaporeonem. Tento ply\u0161\u00e1k o velikosti p\u0159ibli\u017en\u011b 22 cm je vyroben z jemn\u00e9ho materi\u00e1lu a m\u00e1 charakteristick\u00e9 modr\u00e9 zbarven\u00ed, ploutev a oc\u00e1sek p\u0159ipom\u00ednaj\u00edc\u00ed mo\u0159skou v\u00edlu. Perfektn\u00ed pro fanou\u0161ky a sb\u011bratele Pok\u00e9mon\u016f, kte\u0159\u00ed miluj\u00ed vodn\u00ed Pok\u00e9mony.<\/span><\/p>\n<p><b>Vlastnosti:\u00a0<\/b><\/p>\n<p><span style=\"font-weight: 400;\">V\u00fd\u0161ka &#8211; 22 cm<\/span><\/p>\n<p><span style=\"font-weight: 400;\">\u0160\u00ed\u0159ka &#8211; 18 cm<\/span><\/p>\n<p><span style=\"font-weight: 400;\">D\u00e9lka &#8211; 14,5 cm<\/span><\/p>\n<p><span style=\"font-weight: 400;\">Materi\u00e1l &#8211; Ply\u0161<\/span><\/p>\n","protected":false},"excerpt":{"rendered":"<p><b>Pok\u00e9mon All Star Collection Plush Vaporeon PP110 (S)<\/b><span style=\"font-weight: 400;\"> je n\u00e1dhern\u00e1 ply\u0161ov\u00e1 hra\u010dka inspirovan\u00e1 vodn\u00edm Pok\u00e9monem Vaporeonem. Tento ply\u0161\u00e1k o velikosti p\u0159ibli\u017en\u011b 22 cm je vyroben z jemn\u00e9ho materi\u00e1lu a m\u00e1 charakteristick\u00e9 modr\u00e9 zbarven\u00ed, ploutev a oc\u00e1sek p\u0159ipom\u00ednaj\u00edc\u00ed mo\u0159skou v\u00edlu. Perfektn\u00ed pro fanou\u0161ky a sb\u011bratele Pok\u00e9mon\u016f, kte\u0159\u00ed miluj\u00ed vodn\u00ed Pok\u00e9mony.<\/span><\/p>\n","protected":false},"featured_media":958,"comment_status":"open","ping_status":"closed","template":"","meta":{"inline_featured_image":false},"product_cat":[90,81,89],"product_tag":[],"class_list":{"0":"post-957","1":"product","2":"type-product","3":"status-publish","4":"has-post-thumbnail","6":"product_cat-plysaci","7":"product_cat-pokemon","8":"product_cat-san-ei-boeki","10":"first","11":"instock","12":"shipping-taxable","13":"purchasable","14":"product-type-simple"},"_links":{"self":[{"href":"https:\/\/grandline.200.solutions\/index.php?rest_route=\/wp\/v2\/product\/957","targetHints":{"allow":["GET"]}}],"collection":[{"href":"https:\/\/grandline.200.solutions\/index.php?rest_route=\/wp\/v2\/product"}],"about":[{"href":"https:\/\/grandline.200.solutions\/index.php?rest_route=\/wp\/v2\/types\/product"}],"replies":[{"embeddable":true,"href":"https:\/\/grandline.200.solutions\/index.php?rest_route=%2Fwp%2Fv2%2Fcomments&post=957"}],"wp:featuredmedia":[{"embeddable":true,"href":"https:\/\/grandline.200.solutions\/index.php?rest_route=\/wp\/v2\/media\/958"}],"wp:attachment":[{"href":"https:\/\/grandline.200.solutions\/index.php?rest_route=%2Fwp%2Fv2%2Fmedia&parent=957"}],"wp:term":[{"taxonomy":"product_cat","embeddable":true,"href":"https:\/\/grandline.200.solutions\/index.php?rest_route=%2Fwp%2Fv2%2Fproduct_cat&post=957"},{"taxonomy":"product_tag","embeddable":true,"href":"https:\/\/grandline.200.solutions\/index.php?rest_route=%2Fwp%2Fv2%2Fproduct_tag&post=957"}],"curies":[{"name":"wp","href":"https:\/\/api.w.org\/{rel}","templated":true}]}}