{"id":2532,"date":"2024-11-09T10:14:42","date_gmt":"2024-11-09T09:14:42","guid":{"rendered":"https:\/\/grandline.200.solutions\/?post_type=product&#038;p=2532"},"modified":"2024-11-13T11:57:56","modified_gmt":"2024-11-13T10:57:56","slug":"one-piece-king-of-artist-snakeman-monkey-d-luffy","status":"publish","type":"product","link":"https:\/\/grandline.200.solutions\/?product=one-piece-king-of-artist-snakeman-monkey-d-luffy","title":{"rendered":"One Piece King Of Artist Snakeman Monkey D. Luffy"},"content":{"rendered":"<p style=\"font-weight: 400;\">Figurka <strong>One Piece King Of Artist Snakeman Monkey D. Luffy <\/strong>zobrazuje Luffyho v jeho Gear Fourth: Snakeman form\u011b, jak je vid\u011bt v bitv\u011b s Charlotte Katakurim. Tato figurka je detailn\u011b propracovan\u00e1 a zachycuje dynamiku a s\u00edlu Luffyho v t\u00e9to transformaci. Je to v\u00fdjime\u010dn\u00fd kousek, kter\u00fd by nem\u011bl chyb\u011bt ve sb\u00edrce \u017e\u00e1dn\u00e9ho fanou\u0161ka One Piece.<\/p>\n<p style=\"font-weight: 400;\"><strong>Vlastnosti: <\/strong><\/p>\n<p style=\"font-weight: 400;\">V\u00fd\u0161ka &#8211; 14 cm<\/p>\n<p style=\"font-weight: 400;\">Materi\u00e1l &#8211; PVC<\/p>\n<p style=\"font-weight: 400;\">Detailn\u00ed proveden\u00ed<\/p>\n<p style=\"font-weight: 400;\">Sb\u011bratelsk\u00e1 edice<\/p>\n","protected":false},"excerpt":{"rendered":"<p style=\"font-weight: 400;\">Figurka <strong>One Piece King Of Artist Snakeman Monkey D. Luffy <\/strong>zobrazuje Luffyho v jeho Gear Fourth: Snakeman form\u011b, jak je vid\u011bt v bitv\u011b s Charlotte Katakurim. Tato figurka je detailn\u011b propracovan\u00e1 a zachycuje dynamiku a s\u00edlu Luffyho v t\u00e9to transformaci. Je to v\u00fdjime\u010dn\u00fd kousek, kter\u00fd by nem\u011bl chyb\u011bt ve sb\u00edrce \u017e\u00e1dn\u00e9ho fanou\u0161ka One Piece.<\/p>\n","protected":false},"featured_media":2533,"comment_status":"open","ping_status":"closed","template":"","meta":{"inline_featured_image":false},"product_cat":[77,60,74],"product_tag":[],"class_list":{"0":"post-2532","1":"product","2":"type-product","3":"status-publish","4":"has-post-thumbnail","6":"product_cat-bandai-spirits","7":"product_cat-figurky","8":"product_cat-one-piece","10":"first","11":"instock","12":"shipping-taxable","13":"purchasable","14":"product-type-simple"},"_links":{"self":[{"href":"https:\/\/grandline.200.solutions\/index.php?rest_route=\/wp\/v2\/product\/2532","targetHints":{"allow":["GET"]}}],"collection":[{"href":"https:\/\/grandline.200.solutions\/index.php?rest_route=\/wp\/v2\/product"}],"about":[{"href":"https:\/\/grandline.200.solutions\/index.php?rest_route=\/wp\/v2\/types\/product"}],"replies":[{"embeddable":true,"href":"https:\/\/grandline.200.solutions\/index.php?rest_route=%2Fwp%2Fv2%2Fcomments&post=2532"}],"wp:featuredmedia":[{"embeddable":true,"href":"https:\/\/grandline.200.solutions\/index.php?rest_route=\/wp\/v2\/media\/2533"}],"wp:attachment":[{"href":"https:\/\/grandline.200.solutions\/index.php?rest_route=%2Fwp%2Fv2%2Fmedia&parent=2532"}],"wp:term":[{"taxonomy":"product_cat","embeddable":true,"href":"https:\/\/grandline.200.solutions\/index.php?rest_route=%2Fwp%2Fv2%2Fproduct_cat&post=2532"},{"taxonomy":"product_tag","embeddable":true,"href":"https:\/\/grandline.200.solutions\/index.php?rest_route=%2Fwp%2Fv2%2Fproduct_tag&post=2532"}],"curies":[{"name":"wp","href":"https:\/\/api.w.org\/{rel}","templated":true}]}}