{"id":2504,"date":"2024-11-09T10:01:40","date_gmt":"2024-11-09T09:01:40","guid":{"rendered":"https:\/\/grandline.200.solutions\/?post_type=product&#038;p=2504"},"modified":"2024-11-13T11:58:35","modified_gmt":"2024-11-13T10:58:35","slug":"one-piece-fish-man-island-ver-sofvimates-tony-tony-chopper","status":"publish","type":"product","link":"https:\/\/grandline.200.solutions\/?product=one-piece-fish-man-island-ver-sofvimates-tony-tony-chopper","title":{"rendered":"One Piece ~Fish Man Island Ver.~ SOFVIMATES Tony Tony Chopper"},"content":{"rendered":"<p style=\"font-weight: 400;\">Figurka <strong>One Piece ~Fish Man Island Ver.~ SOFVIMATES Tony Tony Chopper<\/strong> zobrazuje Choppera v jeho ikonick\u00e9m outfitu. Chopper je zde zachycen, jak sed\u00ed a \u010dek\u00e1 na dal\u0161\u00ed dobrodru\u017estv\u00ed, co\u017e dod\u00e1v\u00e1 figurce roztomil\u00fd a klidn\u00fd vzhled. Tento sb\u011bratelsk\u00fd kousek je ide\u00e1ln\u00ed pro ka\u017ed\u00e9ho fanou\u0161ka One Piece, kter\u00fd chce p\u0159idat do sv\u00e9 sb\u00edrky n\u011bco opravdu speci\u00e1ln\u00edho.<\/p>\n<p style=\"font-weight: 400;\"><strong>Vlastnosti: <\/strong><\/p>\n<p style=\"font-weight: 400;\">V\u00fd\u0161ka &#8211; 11 cm<\/p>\n<p style=\"font-weight: 400;\">Materi\u00e1l &#8211; PVC<\/p>\n<p style=\"font-weight: 400;\">Detailn\u00ed proveden\u00ed<\/p>\n<p style=\"font-weight: 400;\">Sb\u011bratelsk\u00e1 edice<\/p>\n","protected":false},"excerpt":{"rendered":"<p style=\"font-weight: 400;\">Figurka <strong>One Piece ~Fish Man Island Ver.~ SOFVIMATES Tony Tony Chopper<\/strong> zobrazuje Choppera v jeho ikonick\u00e9m outfitu. Chopper je zde zachycen, jak sed\u00ed a \u010dek\u00e1 na dal\u0161\u00ed dobrodru\u017estv\u00ed, co\u017e dod\u00e1v\u00e1 figurce roztomil\u00fd a klidn\u00fd vzhled. Tento sb\u011bratelsk\u00fd kousek je ide\u00e1ln\u00ed pro ka\u017ed\u00e9ho fanou\u0161ka One Piece, kter\u00fd chce p\u0159idat do sv\u00e9 sb\u00edrky n\u011bco opravdu speci\u00e1ln\u00edho.<\/p>\n","protected":false},"featured_media":2505,"comment_status":"open","ping_status":"closed","template":"","meta":{"inline_featured_image":false},"product_cat":[77,60,74],"product_tag":[],"class_list":{"0":"post-2504","1":"product","2":"type-product","3":"status-publish","4":"has-post-thumbnail","6":"product_cat-bandai-spirits","7":"product_cat-figurky","8":"product_cat-one-piece","10":"first","11":"instock","12":"shipping-taxable","13":"purchasable","14":"product-type-simple"},"_links":{"self":[{"href":"https:\/\/grandline.200.solutions\/index.php?rest_route=\/wp\/v2\/product\/2504","targetHints":{"allow":["GET"]}}],"collection":[{"href":"https:\/\/grandline.200.solutions\/index.php?rest_route=\/wp\/v2\/product"}],"about":[{"href":"https:\/\/grandline.200.solutions\/index.php?rest_route=\/wp\/v2\/types\/product"}],"replies":[{"embeddable":true,"href":"https:\/\/grandline.200.solutions\/index.php?rest_route=%2Fwp%2Fv2%2Fcomments&post=2504"}],"wp:featuredmedia":[{"embeddable":true,"href":"https:\/\/grandline.200.solutions\/index.php?rest_route=\/wp\/v2\/media\/2505"}],"wp:attachment":[{"href":"https:\/\/grandline.200.solutions\/index.php?rest_route=%2Fwp%2Fv2%2Fmedia&parent=2504"}],"wp:term":[{"taxonomy":"product_cat","embeddable":true,"href":"https:\/\/grandline.200.solutions\/index.php?rest_route=%2Fwp%2Fv2%2Fproduct_cat&post=2504"},{"taxonomy":"product_tag","embeddable":true,"href":"https:\/\/grandline.200.solutions\/index.php?rest_route=%2Fwp%2Fv2%2Fproduct_tag&post=2504"}],"curies":[{"name":"wp","href":"https:\/\/api.w.org\/{rel}","templated":true}]}}