{"id":2502,"date":"2024-11-09T09:59:40","date_gmt":"2024-11-09T08:59:40","guid":{"rendered":"https:\/\/grandline.200.solutions\/?post_type=product&#038;p=2502"},"modified":"2024-11-13T11:58:40","modified_gmt":"2024-11-13T10:58:40","slug":"one-piece-grandista-monkey-d-luffy","status":"publish","type":"product","link":"https:\/\/grandline.200.solutions\/?product=one-piece-grandista-monkey-d-luffy","title":{"rendered":"One Piece Grandista Monkey D. Luffy"},"content":{"rendered":"<p style=\"font-weight: 400;\">Figurka <strong>One Piece Grandista Monkey D. Luffy<\/strong> zobrazuje Luffyho v jeho ikonick\u00e9m outfitu, v\u010detn\u011b otev\u0159en\u00e9 ko\u0161ile, jizvy na hrudi a slam\u011bn\u00e9ho klobouku. Tato figurka je sou\u010d\u00e1st\u00ed kolekce Grandista a v\u011brn\u011b zachycuje Luffyho odv\u00e1\u017enou a dobrodru\u017enou povahu. Je to v\u00fdjime\u010dn\u00fd kousek, kter\u00fd by nem\u011bl chyb\u011bt ve sb\u00edrce \u017e\u00e1dn\u00e9ho fanou\u0161ka One Piece.<\/p>\n<p><b>Vlastnosti:\u00a0<\/b><\/p>\n<p><span style=\"font-weight: 400;\">V\u00fd\u0161ka &#8211; 21 cm<\/span><\/p>\n<p><span style=\"font-weight: 400;\">Materi\u00e1l &#8211; PVC<\/span><\/p>\n<p><span style=\"font-weight: 400;\">Detailn\u00ed proveden\u00ed<\/span><\/p>\n<p><span style=\"font-weight: 400;\">Sb\u011bratelsk\u00e1 edice<\/span><\/p>\n","protected":false},"excerpt":{"rendered":"<p style=\"font-weight: 400;\">Figurka <strong>One Piece Grandista Monkey D. Luffy<\/strong> zobrazuje Luffyho v jeho ikonick\u00e9m outfitu, v\u010detn\u011b otev\u0159en\u00e9 ko\u0161ile, jizvy na hrudi a slam\u011bn\u00e9ho klobouku. Tato figurka je sou\u010d\u00e1st\u00ed kolekce Grandista a v\u011brn\u011b zachycuje Luffyho odv\u00e1\u017enou a dobrodru\u017enou povahu. Je to v\u00fdjime\u010dn\u00fd kousek, kter\u00fd by nem\u011bl chyb\u011bt ve sb\u00edrce \u017e\u00e1dn\u00e9ho fanou\u0161ka One Piece.<\/p>\n","protected":false},"featured_media":2503,"comment_status":"open","ping_status":"closed","template":"","meta":{"inline_featured_image":false},"product_cat":[77,60,74],"product_tag":[],"class_list":{"0":"post-2502","1":"product","2":"type-product","3":"status-publish","4":"has-post-thumbnail","6":"product_cat-bandai-spirits","7":"product_cat-figurky","8":"product_cat-one-piece","10":"first","11":"instock","12":"shipping-taxable","13":"purchasable","14":"product-type-simple"},"_links":{"self":[{"href":"https:\/\/grandline.200.solutions\/index.php?rest_route=\/wp\/v2\/product\/2502","targetHints":{"allow":["GET"]}}],"collection":[{"href":"https:\/\/grandline.200.solutions\/index.php?rest_route=\/wp\/v2\/product"}],"about":[{"href":"https:\/\/grandline.200.solutions\/index.php?rest_route=\/wp\/v2\/types\/product"}],"replies":[{"embeddable":true,"href":"https:\/\/grandline.200.solutions\/index.php?rest_route=%2Fwp%2Fv2%2Fcomments&post=2502"}],"wp:featuredmedia":[{"embeddable":true,"href":"https:\/\/grandline.200.solutions\/index.php?rest_route=\/wp\/v2\/media\/2503"}],"wp:attachment":[{"href":"https:\/\/grandline.200.solutions\/index.php?rest_route=%2Fwp%2Fv2%2Fmedia&parent=2502"}],"wp:term":[{"taxonomy":"product_cat","embeddable":true,"href":"https:\/\/grandline.200.solutions\/index.php?rest_route=%2Fwp%2Fv2%2Fproduct_cat&post=2502"},{"taxonomy":"product_tag","embeddable":true,"href":"https:\/\/grandline.200.solutions\/index.php?rest_route=%2Fwp%2Fv2%2Fproduct_tag&post=2502"}],"curies":[{"name":"wp","href":"https:\/\/api.w.org\/{rel}","templated":true}]}}