{"id":2486,"date":"2024-11-09T09:49:45","date_gmt":"2024-11-09T08:49:45","guid":{"rendered":"https:\/\/grandline.200.solutions\/?post_type=product&#038;p=2486"},"modified":"2024-11-13T11:59:03","modified_gmt":"2024-11-13T10:59:03","slug":"one-piece-flag-diamond-ship-nico-robin","status":"publish","type":"product","link":"https:\/\/grandline.200.solutions\/?product=one-piece-flag-diamond-ship-nico-robin","title":{"rendered":"One Piece Flag Diamond Ship Nico Robin"},"content":{"rendered":"<p style=\"font-weight: 400;\">Figurka <strong>One Piece Flag Diamond Ship Nico Robin<\/strong> zobrazuje Robin v hn\u011bd\u00e9m ko\u017een\u00e9m outfitu dopln\u011bn\u00e9m stylov\u00fdm kloboukem, co\u017e j\u00ed dod\u00e1v\u00e1 vzhled sebev\u011bdom\u00e9 a neohro\u017een\u00e9 postavy. Tato figurka je detailn\u011b propracovan\u00e1 a zachycuje jej\u00ed postoj a alternativn\u00ed vzhled. Tento sb\u011bratelsk\u00fd kousek je skv\u011bl\u00fdm dopl\u0148kem pro ka\u017ed\u00e9ho fanou\u0161ka One Piece.<\/p>\n<p><b>Vlastnosti:\u00a0<\/b><\/p>\n<p><span style=\"font-weight: 400;\">V\u00fd\u0161ka &#8211; 25 cm<\/span><\/p>\n<p><span style=\"font-weight: 400;\">Materi\u00e1l &#8211; PVC<\/span><\/p>\n<p><span style=\"font-weight: 400;\">Detailn\u00ed proveden\u00ed<\/span><\/p>\n<p><span style=\"font-weight: 400;\">Sb\u011bratelsk\u00e1 edice<\/span><\/p>\n","protected":false},"excerpt":{"rendered":"<p style=\"font-weight: 400;\">Figurka <strong>One Piece Flag Diamond Ship Nico Robin<\/strong> zobrazuje Robin v hn\u011bd\u00e9m ko\u017een\u00e9m outfitu dopln\u011bn\u00e9m stylov\u00fdm kloboukem, co\u017e j\u00ed dod\u00e1v\u00e1 vzhled sebev\u011bdom\u00e9 a neohro\u017een\u00e9 postavy. Tato figurka je detailn\u011b propracovan\u00e1 a zachycuje jej\u00ed postoj a alternativn\u00ed vzhled. Tento sb\u011bratelsk\u00fd kousek je skv\u011bl\u00fdm dopl\u0148kem pro ka\u017ed\u00e9ho fanou\u0161ka One Piece.<\/p>\n","protected":false},"featured_media":2487,"comment_status":"open","ping_status":"closed","template":"","meta":{"inline_featured_image":false},"product_cat":[77,60,74],"product_tag":[],"class_list":{"0":"post-2486","1":"product","2":"type-product","3":"status-publish","4":"has-post-thumbnail","6":"product_cat-bandai-spirits","7":"product_cat-figurky","8":"product_cat-one-piece","10":"first","11":"instock","12":"shipping-taxable","13":"purchasable","14":"product-type-simple"},"_links":{"self":[{"href":"https:\/\/grandline.200.solutions\/index.php?rest_route=\/wp\/v2\/product\/2486","targetHints":{"allow":["GET"]}}],"collection":[{"href":"https:\/\/grandline.200.solutions\/index.php?rest_route=\/wp\/v2\/product"}],"about":[{"href":"https:\/\/grandline.200.solutions\/index.php?rest_route=\/wp\/v2\/types\/product"}],"replies":[{"embeddable":true,"href":"https:\/\/grandline.200.solutions\/index.php?rest_route=%2Fwp%2Fv2%2Fcomments&post=2486"}],"wp:featuredmedia":[{"embeddable":true,"href":"https:\/\/grandline.200.solutions\/index.php?rest_route=\/wp\/v2\/media\/2487"}],"wp:attachment":[{"href":"https:\/\/grandline.200.solutions\/index.php?rest_route=%2Fwp%2Fv2%2Fmedia&parent=2486"}],"wp:term":[{"taxonomy":"product_cat","embeddable":true,"href":"https:\/\/grandline.200.solutions\/index.php?rest_route=%2Fwp%2Fv2%2Fproduct_cat&post=2486"},{"taxonomy":"product_tag","embeddable":true,"href":"https:\/\/grandline.200.solutions\/index.php?rest_route=%2Fwp%2Fv2%2Fproduct_tag&post=2486"}],"curies":[{"name":"wp","href":"https:\/\/api.w.org\/{rel}","templated":true}]}}