{"id":2327,"date":"2024-11-08T20:33:43","date_gmt":"2024-11-08T19:33:43","guid":{"rendered":"https:\/\/grandline.200.solutions\/?post_type=product&#038;p=2327"},"modified":"2024-11-13T12:05:24","modified_gmt":"2024-11-13T11:05:24","slug":"jujutsu-kaisen-jukon-no-kata-kugisaki-nobara","status":"publish","type":"product","link":"https:\/\/grandline.200.solutions\/?product=jujutsu-kaisen-jukon-no-kata-kugisaki-nobara","title":{"rendered":"Jujutsu Kaisen Jukon no Kata Kugisaki Nobara"},"content":{"rendered":"<p>Figurka <strong>Jujutsu Kaisen Jukon no Kata Kugisaki Nobara<\/strong> je zachycena v dynamick\u00e9 ak\u010dn\u00ed p\u00f3ze, p\u0159ipravena k boji s jej\u00edm ikonick\u00fdm kladivem a h\u0159eb\u00edky. S detailn\u00edm zpracov\u00e1n\u00edm je tato figurka skv\u011bl\u00fdm dopl\u0148kem pro ka\u017ed\u00e9ho fanou\u0161ka Jujutsu Kaisen.<\/p>\n<p><strong>Vlastnosti: <\/strong><\/p>\n<p>V\u00fd\u0161ka &#8211; 14 cm<\/p>\n<p>Materi\u00e1l &#8211; PVC<\/p>\n<p>Detailn\u00ed proveden\u00ed<\/p>\n<p>Sb\u011bratelsk\u00e1 edice<\/p>\n","protected":false},"excerpt":{"rendered":"<p>Figurka <strong>Jujutsu Kaisen Jukon no Kata Kugisaki Nobara<\/strong> je zachycena v dynamick\u00e9 ak\u010dn\u00ed p\u00f3ze, p\u0159ipravena k boji s jej\u00edm ikonick\u00fdm kladivem a h\u0159eb\u00edky. S detailn\u00edm zpracov\u00e1n\u00edm je tato figurka skv\u011bl\u00fdm dopl\u0148kem pro ka\u017ed\u00e9ho fanou\u0161ka Jujutsu Kaisen.<\/p>\n","protected":false},"featured_media":2328,"comment_status":"open","ping_status":"closed","template":"","meta":{"inline_featured_image":false},"product_cat":[77,60,55],"product_tag":[],"class_list":{"0":"post-2327","1":"product","2":"type-product","3":"status-publish","4":"has-post-thumbnail","6":"product_cat-bandai-spirits","7":"product_cat-figurky","8":"product_cat-jujutsu-kaisen","10":"first","11":"instock","12":"shipping-taxable","13":"purchasable","14":"product-type-simple"},"_links":{"self":[{"href":"https:\/\/grandline.200.solutions\/index.php?rest_route=\/wp\/v2\/product\/2327","targetHints":{"allow":["GET"]}}],"collection":[{"href":"https:\/\/grandline.200.solutions\/index.php?rest_route=\/wp\/v2\/product"}],"about":[{"href":"https:\/\/grandline.200.solutions\/index.php?rest_route=\/wp\/v2\/types\/product"}],"replies":[{"embeddable":true,"href":"https:\/\/grandline.200.solutions\/index.php?rest_route=%2Fwp%2Fv2%2Fcomments&post=2327"}],"wp:featuredmedia":[{"embeddable":true,"href":"https:\/\/grandline.200.solutions\/index.php?rest_route=\/wp\/v2\/media\/2328"}],"wp:attachment":[{"href":"https:\/\/grandline.200.solutions\/index.php?rest_route=%2Fwp%2Fv2%2Fmedia&parent=2327"}],"wp:term":[{"taxonomy":"product_cat","embeddable":true,"href":"https:\/\/grandline.200.solutions\/index.php?rest_route=%2Fwp%2Fv2%2Fproduct_cat&post=2327"},{"taxonomy":"product_tag","embeddable":true,"href":"https:\/\/grandline.200.solutions\/index.php?rest_route=%2Fwp%2Fv2%2Fproduct_tag&post=2327"}],"curies":[{"name":"wp","href":"https:\/\/api.w.org\/{rel}","templated":true}]}}