{"id":2265,"date":"2024-11-08T20:05:04","date_gmt":"2024-11-08T19:05:04","guid":{"rendered":"https:\/\/grandline.200.solutions\/?post_type=product&#038;p=2265"},"modified":"2024-11-13T12:08:00","modified_gmt":"2024-11-13T11:08:00","slug":"naruto-shippuden-konoha-2-darkovy-set","status":"publish","type":"product","link":"https:\/\/grandline.200.solutions\/?product=naruto-shippuden-konoha-2-darkovy-set","title":{"rendered":"Naruto Shippuden Konoha 2 D\u00e1rkov\u00fd set"},"content":{"rendered":"<p style=\"font-weight: 400;\">D\u00e1rkov\u00fd set <strong>Naruto Shippuden Konoha<\/strong> obsahuje skleni\u010dku, z\u00e1pisn\u00edk a odzn\u00e1\u010dek inspirovan\u00fd popul\u00e1rn\u00edm anime Naruto. Sklenice a ob\u00e1lka z\u00e1pisn\u00edku jsou zdobeny logem Konohy a pe\u010det\u00ed a na odzn\u00e1\u010dek je inspirovan\u00fd \u010derven\u00fdm mrakem Akatsuki. Tento set je ide\u00e1ln\u00edm d\u00e1rkem pro ka\u017ed\u00e9ho fanou\u0161ka anime s\u00e9rie Naruto.<\/p>\n<p style=\"font-weight: 400;\"><strong>Vlastnosti: <\/strong><\/p>\n<p style=\"font-weight: 400;\">Objem sklenice &#8211; 400 ml<\/p>\n<p style=\"font-weight: 400;\">160 str\u00e1nkov\u00fd z\u00e1pisn\u00edk velikosti A6<\/p>\n<p style=\"font-weight: 400;\">Kovov\u00fd odzn\u00e1\u010dek<\/p>\n","protected":false},"excerpt":{"rendered":"<p style=\"font-weight: 400;\">D\u00e1rkov\u00fd set <strong>Naruto Shippuden Konoha<\/strong> obsahuje skleni\u010dku, z\u00e1pisn\u00edk a odzn\u00e1\u010dek inspirovan\u00fd popul\u00e1rn\u00edm anime Naruto. Sklenice a ob\u00e1lka z\u00e1pisn\u00edku jsou zdobeny logem Konohy a pe\u010det\u00ed a na odzn\u00e1\u010dek je inspirovan\u00fd \u010derven\u00fdm mrakem Akatsuki. Tento set je ide\u00e1ln\u00edm d\u00e1rkem pro ka\u017ed\u00e9ho fanou\u0161ka anime s\u00e9rie Naruto.<\/p>\n","protected":false},"featured_media":2266,"comment_status":"open","ping_status":"closed","template":"","meta":{"inline_featured_image":false},"product_cat":[76,102,58,73,62,65],"product_tag":[],"class_list":{"0":"post-2265","1":"product","2":"type-product","3":"status-publish","4":"has-post-thumbnail","6":"product_cat-abystyle","7":"product_cat-darkove-sety","8":"product_cat-nadobi","9":"product_cat-naruto","10":"product_cat-odznacky","11":"product_cat-zapisniky","13":"first","14":"instock","15":"shipping-taxable","16":"purchasable","17":"product-type-simple"},"_links":{"self":[{"href":"https:\/\/grandline.200.solutions\/index.php?rest_route=\/wp\/v2\/product\/2265","targetHints":{"allow":["GET"]}}],"collection":[{"href":"https:\/\/grandline.200.solutions\/index.php?rest_route=\/wp\/v2\/product"}],"about":[{"href":"https:\/\/grandline.200.solutions\/index.php?rest_route=\/wp\/v2\/types\/product"}],"replies":[{"embeddable":true,"href":"https:\/\/grandline.200.solutions\/index.php?rest_route=%2Fwp%2Fv2%2Fcomments&post=2265"}],"wp:featuredmedia":[{"embeddable":true,"href":"https:\/\/grandline.200.solutions\/index.php?rest_route=\/wp\/v2\/media\/2266"}],"wp:attachment":[{"href":"https:\/\/grandline.200.solutions\/index.php?rest_route=%2Fwp%2Fv2%2Fmedia&parent=2265"}],"wp:term":[{"taxonomy":"product_cat","embeddable":true,"href":"https:\/\/grandline.200.solutions\/index.php?rest_route=%2Fwp%2Fv2%2Fproduct_cat&post=2265"},{"taxonomy":"product_tag","embeddable":true,"href":"https:\/\/grandline.200.solutions\/index.php?rest_route=%2Fwp%2Fv2%2Fproduct_tag&post=2265"}],"curies":[{"name":"wp","href":"https:\/\/api.w.org\/{rel}","templated":true}]}}