{"id":2259,"date":"2024-11-08T20:01:25","date_gmt":"2024-11-08T19:01:25","guid":{"rendered":"https:\/\/grandline.200.solutions\/?post_type=product&#038;p=2259"},"modified":"2024-11-13T12:08:14","modified_gmt":"2024-11-13T11:08:14","slug":"naruto-shippuden-konoha-darkovy-set","status":"publish","type":"product","link":"https:\/\/grandline.200.solutions\/?product=naruto-shippuden-konoha-darkovy-set","title":{"rendered":"Naruto Shippuden Konoha D\u00e1rkov\u00fd set"},"content":{"rendered":"<p style=\"font-weight: 400;\">D\u00e1rkov\u00fd set <strong>Naruto Shippuden<\/strong> obsahuje sklenici, espresso hrnek a pan\u00e1kovou sklenici inspirovan\u00fd popul\u00e1rn\u00edm anime Naruto. V\u0161echno je zdobeno ikonick\u00fdm logem Konohy (Listov\u00e9 vesnice). Tento set je ide\u00e1ln\u00edm d\u00e1rkem pro ka\u017ed\u00e9ho fanou\u0161ka anime s\u00e9rie Naruto.<\/p>\n<p style=\"font-weight: 400;\"><strong>Vlastnosti: <\/strong><\/p>\n<p style=\"font-weight: 400;\">Objem sklenice &#8211; 290 ml<\/p>\n<p style=\"font-weight: 400;\">Objem espresso hrnku &#8211; 110 ml<\/p>\n<p style=\"font-weight: 400;\">Objem pan\u00e1kov\u00e9 sklenice &#8211; 50 ml<\/p>\n","protected":false},"excerpt":{"rendered":"<p style=\"font-weight: 400;\">D\u00e1rkov\u00fd set <strong>Naruto Shippuden<\/strong> obsahuje sklenici, espresso hrnek a pan\u00e1kovou sklenici inspirovan\u00fd popul\u00e1rn\u00edm anime Naruto. V\u0161echno je zdobeno ikonick\u00fdm logem Konohy (Listov\u00e9 vesnice). Tento set je ide\u00e1ln\u00edm d\u00e1rkem pro ka\u017ed\u00e9ho fanou\u0161ka anime s\u00e9rie Naruto.<\/p>\n","protected":false},"featured_media":2260,"comment_status":"open","ping_status":"closed","template":"","meta":{"inline_featured_image":false},"product_cat":[76,102,58,73],"product_tag":[],"class_list":{"0":"post-2259","1":"product","2":"type-product","3":"status-publish","4":"has-post-thumbnail","6":"product_cat-abystyle","7":"product_cat-darkove-sety","8":"product_cat-nadobi","9":"product_cat-naruto","11":"first","12":"instock","13":"shipping-taxable","14":"purchasable","15":"product-type-simple"},"_links":{"self":[{"href":"https:\/\/grandline.200.solutions\/index.php?rest_route=\/wp\/v2\/product\/2259","targetHints":{"allow":["GET"]}}],"collection":[{"href":"https:\/\/grandline.200.solutions\/index.php?rest_route=\/wp\/v2\/product"}],"about":[{"href":"https:\/\/grandline.200.solutions\/index.php?rest_route=\/wp\/v2\/types\/product"}],"replies":[{"embeddable":true,"href":"https:\/\/grandline.200.solutions\/index.php?rest_route=%2Fwp%2Fv2%2Fcomments&post=2259"}],"wp:featuredmedia":[{"embeddable":true,"href":"https:\/\/grandline.200.solutions\/index.php?rest_route=\/wp\/v2\/media\/2260"}],"wp:attachment":[{"href":"https:\/\/grandline.200.solutions\/index.php?rest_route=%2Fwp%2Fv2%2Fmedia&parent=2259"}],"wp:term":[{"taxonomy":"product_cat","embeddable":true,"href":"https:\/\/grandline.200.solutions\/index.php?rest_route=%2Fwp%2Fv2%2Fproduct_cat&post=2259"},{"taxonomy":"product_tag","embeddable":true,"href":"https:\/\/grandline.200.solutions\/index.php?rest_route=%2Fwp%2Fv2%2Fproduct_tag&post=2259"}],"curies":[{"name":"wp","href":"https:\/\/api.w.org\/{rel}","templated":true}]}}