{"id":2236,"date":"2024-11-08T19:45:20","date_gmt":"2024-11-08T18:45:20","guid":{"rendered":"https:\/\/grandline.200.solutions\/?post_type=product&#038;p=2236"},"modified":"2024-11-13T12:09:41","modified_gmt":"2024-11-13T11:09:41","slug":"naruto-shippuden-3d-konoha-klicenka","status":"publish","type":"product","link":"https:\/\/grandline.200.solutions\/?product=naruto-shippuden-3d-konoha-klicenka","title":{"rendered":"Naruto Shippuden 3D Konoha Kl\u00ed\u010denka"},"content":{"rendered":"<p style=\"font-weight: 400;\">Kl\u00ed\u010denka <strong>Naruto Shippuden 3D Konoha<\/strong> zobrazuje ikonick\u00fd symbol Konohy (Listov\u00e9 vesnice). Tento p\u0159\u00edv\u011bsek na kl\u00ed\u010de je detailn\u011b zpracovan\u00fd a je to skv\u011bl\u00fd dopln\u011bk pro fanou\u0161ky s\u00e9rie Naruta.<\/p>\n<p style=\"font-weight: 400;\"><strong>Vlastnosti: <\/strong><\/p>\n<p style=\"font-weight: 400;\">Rozm\u011bry &#8211; 4,1 cm x 5 cm<\/p>\n<p style=\"font-weight: 400;\">Materi\u00e1l &#8211; Kvalitn\u00ed kov<\/p>\n","protected":false},"excerpt":{"rendered":"<p style=\"font-weight: 400;\">Kl\u00ed\u010denka <strong>Naruto Shippuden 3D Konoha<\/strong> zobrazuje ikonick\u00fd symbol Konohy (Listov\u00e9 vesnice). Tento p\u0159\u00edv\u011bsek na kl\u00ed\u010de je detailn\u011b zpracovan\u00fd a je to skv\u011bl\u00fd dopln\u011bk pro fanou\u0161ky s\u00e9rie Naruta.<\/p>\n","protected":false},"featured_media":2238,"comment_status":"open","ping_status":"closed","template":"","meta":{"inline_featured_image":false},"product_cat":[76,99,73],"product_tag":[],"class_list":{"0":"post-2236","1":"product","2":"type-product","3":"status-publish","4":"has-post-thumbnail","6":"product_cat-abystyle","7":"product_cat-klicenky","8":"product_cat-naruto","10":"first","11":"instock","12":"shipping-taxable","13":"purchasable","14":"product-type-simple"},"_links":{"self":[{"href":"https:\/\/grandline.200.solutions\/index.php?rest_route=\/wp\/v2\/product\/2236","targetHints":{"allow":["GET"]}}],"collection":[{"href":"https:\/\/grandline.200.solutions\/index.php?rest_route=\/wp\/v2\/product"}],"about":[{"href":"https:\/\/grandline.200.solutions\/index.php?rest_route=\/wp\/v2\/types\/product"}],"replies":[{"embeddable":true,"href":"https:\/\/grandline.200.solutions\/index.php?rest_route=%2Fwp%2Fv2%2Fcomments&post=2236"}],"wp:featuredmedia":[{"embeddable":true,"href":"https:\/\/grandline.200.solutions\/index.php?rest_route=\/wp\/v2\/media\/2238"}],"wp:attachment":[{"href":"https:\/\/grandline.200.solutions\/index.php?rest_route=%2Fwp%2Fv2%2Fmedia&parent=2236"}],"wp:term":[{"taxonomy":"product_cat","embeddable":true,"href":"https:\/\/grandline.200.solutions\/index.php?rest_route=%2Fwp%2Fv2%2Fproduct_cat&post=2236"},{"taxonomy":"product_tag","embeddable":true,"href":"https:\/\/grandline.200.solutions\/index.php?rest_route=%2Fwp%2Fv2%2Fproduct_tag&post=2236"}],"curies":[{"name":"wp","href":"https:\/\/api.w.org\/{rel}","templated":true}]}}