{"id":2216,"date":"2024-11-08T19:35:35","date_gmt":"2024-11-08T18:35:35","guid":{"rendered":"https:\/\/grandline.200.solutions\/?post_type=product&#038;p=2216"},"modified":"2024-11-13T12:10:05","modified_gmt":"2024-11-13T11:10:05","slug":"jujutsu-kaisen-spm-figure-kugisaki-nobara","status":"publish","type":"product","link":"https:\/\/grandline.200.solutions\/?product=jujutsu-kaisen-spm-figure-kugisaki-nobara","title":{"rendered":"Jujutsu Kaisen SPM Figure Kugisaki Nobara"},"content":{"rendered":"<p>Figurka <strong>Jujutsu Kaisen SPM Figure Kugisaki Nobara<\/strong> zobrazuje Nobaru v jej\u00ed ikonick\u00e9 bojov\u00e9 p\u00f3ze s kladivem v ruce, p\u0159ipraven\u00e1 k akci, co\u017e dokonale vystihuje jej\u00ed odhodlanou a neboj\u00e1cnou povahu. Tato figurka je detailn\u011b propracovan\u00e1 a v\u011brn\u011b zachycuje jej\u00ed vzhled z anime. Tento kousek by nem\u011bl chyb\u011bt ve sb\u00edrce \u017e\u00e1dn\u00e9ho fanou\u0161ka Jujutsu Kaisen.<\/p>\n<p><strong>Vlastnosti: <\/strong><\/p>\n<p>V\u00fd\u0161ka &#8211; 18 cm<\/p>\n<p>Materi\u00e1l &#8211; PVC<\/p>\n<p>Detailn\u00ed proveden\u00ed<\/p>\n<p>Sb\u011bratelsk\u00e1 edice<\/p>\n","protected":false},"excerpt":{"rendered":"<p>Figurka <strong>Jujutsu Kaisen SPM Figure Kugisaki Nobara<\/strong> zobrazuje Nobaru v jej\u00ed ikonick\u00e9 bojov\u00e9 p\u00f3ze s kladivem v ruce, p\u0159ipraven\u00e1 k akci, co\u017e dokonale vystihuje jej\u00ed odhodlanou a neboj\u00e1cnou povahu. Tato figurka je detailn\u011b propracovan\u00e1 a v\u011brn\u011b zachycuje jej\u00ed vzhled z anime. Tento kousek by nem\u011bl chyb\u011bt ve sb\u00edrce \u017e\u00e1dn\u00e9ho fanou\u0161ka Jujutsu Kaisen.<\/p>\n","protected":false},"featured_media":2219,"comment_status":"open","ping_status":"closed","template":"","meta":{"inline_featured_image":false},"product_cat":[60,55,94],"product_tag":[],"class_list":{"0":"post-2216","1":"product","2":"type-product","3":"status-publish","4":"has-post-thumbnail","6":"product_cat-figurky","7":"product_cat-jujutsu-kaisen","8":"product_cat-sega","10":"first","11":"instock","12":"shipping-taxable","13":"purchasable","14":"product-type-simple"},"_links":{"self":[{"href":"https:\/\/grandline.200.solutions\/index.php?rest_route=\/wp\/v2\/product\/2216","targetHints":{"allow":["GET"]}}],"collection":[{"href":"https:\/\/grandline.200.solutions\/index.php?rest_route=\/wp\/v2\/product"}],"about":[{"href":"https:\/\/grandline.200.solutions\/index.php?rest_route=\/wp\/v2\/types\/product"}],"replies":[{"embeddable":true,"href":"https:\/\/grandline.200.solutions\/index.php?rest_route=%2Fwp%2Fv2%2Fcomments&post=2216"}],"wp:featuredmedia":[{"embeddable":true,"href":"https:\/\/grandline.200.solutions\/index.php?rest_route=\/wp\/v2\/media\/2219"}],"wp:attachment":[{"href":"https:\/\/grandline.200.solutions\/index.php?rest_route=%2Fwp%2Fv2%2Fmedia&parent=2216"}],"wp:term":[{"taxonomy":"product_cat","embeddable":true,"href":"https:\/\/grandline.200.solutions\/index.php?rest_route=%2Fwp%2Fv2%2Fproduct_cat&post=2216"},{"taxonomy":"product_tag","embeddable":true,"href":"https:\/\/grandline.200.solutions\/index.php?rest_route=%2Fwp%2Fv2%2Fproduct_tag&post=2216"}],"curies":[{"name":"wp","href":"https:\/\/api.w.org\/{rel}","templated":true}]}}