{"id":2207,"date":"2024-11-08T19:29:22","date_gmt":"2024-11-08T18:29:22","guid":{"rendered":"https:\/\/grandline.200.solutions\/?post_type=product&#038;p=2207"},"modified":"2024-11-13T12:10:37","modified_gmt":"2024-11-13T11:10:37","slug":"naruto-shippuden-gama-chan-kasicka","status":"publish","type":"product","link":"https:\/\/grandline.200.solutions\/?product=naruto-shippuden-gama-chan-kasicka","title":{"rendered":"Naruto Shippuden Gama-chan KASI\u010cKA"},"content":{"rendered":"<p style=\"font-weight: 400;\">Kasi\u010dka<strong> Naruto Shippuden Gama-chan<\/strong> je replikou ikonick\u00e9 \u017eab\u00ed pen\u011b\u017eenky, kterou pou\u017e\u00edv\u00e1 Naruto. Tato pokladni\u010dka m\u00e1 otvor pro mince v \u00fastech \u017e\u00e1by a z\u00e1tku na spodn\u00ed stran\u011b, co\u017e umo\u017e\u0148uje snadn\u00e9 vyb\u00edr\u00e1n\u00ed minc\u00ed. Tato pokladni\u010dka je skv\u011bl\u00fdm dopl\u0148kem pro fanou\u0161ky s\u00e9rie Naruto.<\/p>\n<p style=\"font-weight: 400;\"><strong>Vlastnosti: <\/strong><\/p>\n<p style=\"font-weight: 400;\">Rozm\u011bry &#8211; 14,5 cm x 14,5 cm x 17 cm<\/p>\n<p style=\"font-weight: 400;\">Materi\u00e1l &#8211; PVC<\/p>\n","protected":false},"excerpt":{"rendered":"<p style=\"font-weight: 400;\">Kasi\u010dka<strong> Naruto Shippuden Gama-chan<\/strong> je replikou ikonick\u00e9 \u017eab\u00ed pen\u011b\u017eenky, kterou pou\u017e\u00edv\u00e1 Naruto. Tato pokladni\u010dka m\u00e1 otvor pro mince v \u00fastech \u017e\u00e1by a z\u00e1tku na spodn\u00ed stran\u011b, co\u017e umo\u017e\u0148uje snadn\u00e9 vyb\u00edr\u00e1n\u00ed minc\u00ed. Tato pokladni\u010dka je skv\u011bl\u00fdm dopl\u0148kem pro fanou\u0161ky s\u00e9rie Naruto.<\/p>\n","protected":false},"featured_media":2212,"comment_status":"open","ping_status":"closed","template":"","meta":{"inline_featured_image":false},"product_cat":[76,103,73],"product_tag":[],"class_list":{"0":"post-2207","1":"product","2":"type-product","3":"status-publish","4":"has-post-thumbnail","6":"product_cat-abystyle","7":"product_cat-kasicky","8":"product_cat-naruto","10":"first","11":"instock","12":"shipping-taxable","13":"purchasable","14":"product-type-simple"},"_links":{"self":[{"href":"https:\/\/grandline.200.solutions\/index.php?rest_route=\/wp\/v2\/product\/2207","targetHints":{"allow":["GET"]}}],"collection":[{"href":"https:\/\/grandline.200.solutions\/index.php?rest_route=\/wp\/v2\/product"}],"about":[{"href":"https:\/\/grandline.200.solutions\/index.php?rest_route=\/wp\/v2\/types\/product"}],"replies":[{"embeddable":true,"href":"https:\/\/grandline.200.solutions\/index.php?rest_route=%2Fwp%2Fv2%2Fcomments&post=2207"}],"wp:featuredmedia":[{"embeddable":true,"href":"https:\/\/grandline.200.solutions\/index.php?rest_route=\/wp\/v2\/media\/2212"}],"wp:attachment":[{"href":"https:\/\/grandline.200.solutions\/index.php?rest_route=%2Fwp%2Fv2%2Fmedia&parent=2207"}],"wp:term":[{"taxonomy":"product_cat","embeddable":true,"href":"https:\/\/grandline.200.solutions\/index.php?rest_route=%2Fwp%2Fv2%2Fproduct_cat&post=2207"},{"taxonomy":"product_tag","embeddable":true,"href":"https:\/\/grandline.200.solutions\/index.php?rest_route=%2Fwp%2Fv2%2Fproduct_tag&post=2207"}],"curies":[{"name":"wp","href":"https:\/\/api.w.org\/{rel}","templated":true}]}}