{"id":2173,"date":"2024-11-08T18:54:45","date_gmt":"2024-11-08T17:54:45","guid":{"rendered":"https:\/\/grandline.200.solutions\/?post_type=product&#038;p=2173"},"modified":"2024-11-13T12:11:27","modified_gmt":"2024-11-13T11:11:27","slug":"chainsaw-man-exc%e2%88%9ed-creative-figure-makima","status":"publish","type":"product","link":"https:\/\/grandline.200.solutions\/?product=chainsaw-man-exc%e2%88%9ed-creative-figure-makima","title":{"rendered":"Chainsaw Man Exc\u221ed Creative Figure Makima"},"content":{"rendered":"<p>Figurka <strong>Chainsaw Man Exc\u221ed Creative Figure Makima<\/strong> zobrazuje Makimu v jej\u00ed ikonick\u00e9 p\u00f3ze a dynamick\u00e9 z anime Chainsaw Man. Tato figurka je detailn\u011b propracovan\u00e1, v\u010detn\u011b jemn\u00fdch detail\u016f na jej\u00edm oble\u010den\u00ed a tv\u00e1\u0159i, kter\u00e9 v\u011brn\u011b zachycuj\u00ed jej\u00ed charakter. Je to skv\u011bl\u00fd dopln\u011bk do sb\u00edrky pro ka\u017ed\u00e9ho fanou\u0161ka Chainsaw Mana.<\/p>\n<p><strong>Vlastnosti: <\/strong><\/p>\n<p>V\u00fd\u0161ka &#8211; 22 cm<\/p>\n<p>Materi\u00e1l &#8211; PVC<\/p>\n<p>Detailn\u00ed proveden\u00ed<\/p>\n<p>Sb\u011bratelsk\u00e1 edice<\/p>\n","protected":false},"excerpt":{"rendered":"<p>Figurka <strong>Chainsaw Man Exc\u221ed Creative Figure Makima<\/strong> zobrazuje Makimu v jej\u00ed ikonick\u00e9 p\u00f3ze a dynamick\u00e9 z anime Chainsaw Man. Tato figurka je detailn\u011b propracovan\u00e1, v\u010detn\u011b jemn\u00fdch detail\u016f na jej\u00edm oble\u010den\u00ed a tv\u00e1\u0159i, kter\u00e9 v\u011brn\u011b zachycuj\u00ed jej\u00ed charakter. Je to skv\u011bl\u00fd dopln\u011bk do sb\u00edrky pro ka\u017ed\u00e9ho fanou\u0161ka Chainsaw Mana.<\/p>\n","protected":false},"featured_media":2174,"comment_status":"open","ping_status":"closed","template":"","meta":{"inline_featured_image":false},"product_cat":[54,60,93],"product_tag":[],"class_list":{"0":"post-2173","1":"product","2":"type-product","3":"status-publish","4":"has-post-thumbnail","6":"product_cat-chainsaw-man","7":"product_cat-figurky","8":"product_cat-furyu","10":"first","11":"instock","12":"shipping-taxable","13":"purchasable","14":"product-type-simple"},"_links":{"self":[{"href":"https:\/\/grandline.200.solutions\/index.php?rest_route=\/wp\/v2\/product\/2173","targetHints":{"allow":["GET"]}}],"collection":[{"href":"https:\/\/grandline.200.solutions\/index.php?rest_route=\/wp\/v2\/product"}],"about":[{"href":"https:\/\/grandline.200.solutions\/index.php?rest_route=\/wp\/v2\/types\/product"}],"replies":[{"embeddable":true,"href":"https:\/\/grandline.200.solutions\/index.php?rest_route=%2Fwp%2Fv2%2Fcomments&post=2173"}],"wp:featuredmedia":[{"embeddable":true,"href":"https:\/\/grandline.200.solutions\/index.php?rest_route=\/wp\/v2\/media\/2174"}],"wp:attachment":[{"href":"https:\/\/grandline.200.solutions\/index.php?rest_route=%2Fwp%2Fv2%2Fmedia&parent=2173"}],"wp:term":[{"taxonomy":"product_cat","embeddable":true,"href":"https:\/\/grandline.200.solutions\/index.php?rest_route=%2Fwp%2Fv2%2Fproduct_cat&post=2173"},{"taxonomy":"product_tag","embeddable":true,"href":"https:\/\/grandline.200.solutions\/index.php?rest_route=%2Fwp%2Fv2%2Fproduct_tag&post=2173"}],"curies":[{"name":"wp","href":"https:\/\/api.w.org\/{rel}","templated":true}]}}