{"id":2165,"date":"2024-11-08T18:52:51","date_gmt":"2024-11-08T17:52:51","guid":{"rendered":"https:\/\/grandline.200.solutions\/?post_type=product&#038;p=2165"},"modified":"2024-11-13T12:11:38","modified_gmt":"2024-11-13T11:11:38","slug":"chainsaw-man-vibration-stars-special-power","status":"publish","type":"product","link":"https:\/\/grandline.200.solutions\/?product=chainsaw-man-vibration-stars-special-power","title":{"rendered":"Chainsaw Man VIBRATION STARS Special Power"},"content":{"rendered":"<p>Figurka <strong>Chainsaw Man VIBRATION STARS Special Power<\/strong> zobrazuje Power v jej\u00ed ikonick\u00e9 p\u00f3ze, kter\u00e1 zd\u016fraz\u0148uje jej\u00ed divokou a nespoutanou energii. Tato speci\u00e1ln\u00ed edice figurky m\u00e1 luxusn\u00ed podstavec a nov\u00e9 barevn\u00e9 proveden\u00ed, kter\u00e9 dod\u00e1v\u00e1 postav\u011b je\u0161t\u011b v\u011bt\u0161\u00ed \u017eivost. Perfektn\u00ed dopln\u011bk pro ka\u017ed\u00e9ho fanou\u0161ka Chainsaw Mana.<\/p>\n<p><strong>Vlastnosti: <\/strong><\/p>\n<p>V\u00fd\u0161ka &#8211; 12 cm<\/p>\n<p>Materi\u00e1l &#8211; PVC<\/p>\n<p>Detailn\u00ed proveden\u00ed<\/p>\n<p>Sb\u011bratelsk\u00e1 edice<\/p>\n","protected":false},"excerpt":{"rendered":"<p>Figurka <strong>Chainsaw Man VIBRATION STARS Special Power<\/strong> zobrazuje Power v jej\u00ed ikonick\u00e9 p\u00f3ze, kter\u00e1 zd\u016fraz\u0148uje jej\u00ed divokou a nespoutanou energii. Tato speci\u00e1ln\u00ed edice figurky m\u00e1 luxusn\u00ed podstavec a nov\u00e9 barevn\u00e9 proveden\u00ed, kter\u00e9 dod\u00e1v\u00e1 postav\u011b je\u0161t\u011b v\u011bt\u0161\u00ed \u017eivost. Perfektn\u00ed dopln\u011bk pro ka\u017ed\u00e9ho fanou\u0161ka Chainsaw Mana.<\/p>\n","protected":false},"featured_media":2171,"comment_status":"open","ping_status":"closed","template":"","meta":{"inline_featured_image":false},"product_cat":[77,54,60],"product_tag":[],"class_list":{"0":"post-2165","1":"product","2":"type-product","3":"status-publish","4":"has-post-thumbnail","6":"product_cat-bandai-spirits","7":"product_cat-chainsaw-man","8":"product_cat-figurky","10":"first","11":"instock","12":"shipping-taxable","13":"purchasable","14":"product-type-simple"},"_links":{"self":[{"href":"https:\/\/grandline.200.solutions\/index.php?rest_route=\/wp\/v2\/product\/2165","targetHints":{"allow":["GET"]}}],"collection":[{"href":"https:\/\/grandline.200.solutions\/index.php?rest_route=\/wp\/v2\/product"}],"about":[{"href":"https:\/\/grandline.200.solutions\/index.php?rest_route=\/wp\/v2\/types\/product"}],"replies":[{"embeddable":true,"href":"https:\/\/grandline.200.solutions\/index.php?rest_route=%2Fwp%2Fv2%2Fcomments&post=2165"}],"wp:featuredmedia":[{"embeddable":true,"href":"https:\/\/grandline.200.solutions\/index.php?rest_route=\/wp\/v2\/media\/2171"}],"wp:attachment":[{"href":"https:\/\/grandline.200.solutions\/index.php?rest_route=%2Fwp%2Fv2%2Fmedia&parent=2165"}],"wp:term":[{"taxonomy":"product_cat","embeddable":true,"href":"https:\/\/grandline.200.solutions\/index.php?rest_route=%2Fwp%2Fv2%2Fproduct_cat&post=2165"},{"taxonomy":"product_tag","embeddable":true,"href":"https:\/\/grandline.200.solutions\/index.php?rest_route=%2Fwp%2Fv2%2Fproduct_tag&post=2165"}],"curies":[{"name":"wp","href":"https:\/\/api.w.org\/{rel}","templated":true}]}}