{"id":2159,"date":"2024-11-08T18:50:37","date_gmt":"2024-11-08T17:50:37","guid":{"rendered":"https:\/\/grandline.200.solutions\/?post_type=product&#038;p=2159"},"modified":"2024-11-13T12:11:43","modified_gmt":"2024-11-13T11:11:43","slug":"chainsaw-man-vibration-stars-denji-special-chainsaw-devil-form","status":"publish","type":"product","link":"https:\/\/grandline.200.solutions\/?product=chainsaw-man-vibration-stars-denji-special-chainsaw-devil-form","title":{"rendered":"Chainsaw Man Vibration Stars Denji (SPECIAL Chainsaw Devil Form)"},"content":{"rendered":"<p>Figurka <strong>Chainsaw Man Vibration Stars Denji (SPECIAL Chainsaw Devil Form)<\/strong> zobrazuje Denjiho v jeho speci\u00e1ln\u00ed Chainsaw Devil form\u011b. Denji je zde zachycen v dynamick\u00e9 bojov\u00e9 p\u00f3ze s motorov\u00fdmi pilami m\u00edsto rukou a otev\u0159en\u00fdmi \u00fasty, p\u0159ipraven\u00fd roztrhat d\u00e9mony. Tato figurka je detailn\u011b propracovan\u00e1 a v\u011brn\u011b zachycuje vzhled postavy z anime. Je to skv\u011bl\u00fd dopln\u011bk pro ka\u017ed\u00e9ho fanou\u0161ka Chainsaw Mana.<\/p>\n<p><strong>Vlastnosti: <\/strong><\/p>\n<p>V\u00fd\u0161ka &#8211; 14 cm<\/p>\n<p>Materi\u00e1l &#8211; PVC<\/p>\n<p>Detailn\u00ed proveden\u00ed<\/p>\n<p>Sb\u011bratelsk\u00e1 edice<\/p>\n","protected":false},"excerpt":{"rendered":"<p>Figurka <strong>Chainsaw Man Vibration Stars Denji (SPECIAL Chainsaw Devil Form)<\/strong> zobrazuje Denjiho v jeho speci\u00e1ln\u00ed Chainsaw Devil form\u011b. Denji je zde zachycen v dynamick\u00e9 bojov\u00e9 p\u00f3ze s motorov\u00fdmi pilami m\u00edsto rukou a otev\u0159en\u00fdmi \u00fasty, p\u0159ipraven\u00fd roztrhat d\u00e9mony. Tato figurka je detailn\u011b propracovan\u00e1 a v\u011brn\u011b zachycuje vzhled postavy z anime. Je to skv\u011bl\u00fd dopln\u011bk pro ka\u017ed\u00e9ho fanou\u0161ka Chainsaw Mana.<\/p>\n","protected":false},"featured_media":2163,"comment_status":"open","ping_status":"closed","template":"","meta":{"inline_featured_image":false},"product_cat":[77,54,60],"product_tag":[],"class_list":{"0":"post-2159","1":"product","2":"type-product","3":"status-publish","4":"has-post-thumbnail","6":"product_cat-bandai-spirits","7":"product_cat-chainsaw-man","8":"product_cat-figurky","10":"first","11":"instock","12":"shipping-taxable","13":"purchasable","14":"product-type-simple"},"_links":{"self":[{"href":"https:\/\/grandline.200.solutions\/index.php?rest_route=\/wp\/v2\/product\/2159","targetHints":{"allow":["GET"]}}],"collection":[{"href":"https:\/\/grandline.200.solutions\/index.php?rest_route=\/wp\/v2\/product"}],"about":[{"href":"https:\/\/grandline.200.solutions\/index.php?rest_route=\/wp\/v2\/types\/product"}],"replies":[{"embeddable":true,"href":"https:\/\/grandline.200.solutions\/index.php?rest_route=%2Fwp%2Fv2%2Fcomments&post=2159"}],"wp:featuredmedia":[{"embeddable":true,"href":"https:\/\/grandline.200.solutions\/index.php?rest_route=\/wp\/v2\/media\/2163"}],"wp:attachment":[{"href":"https:\/\/grandline.200.solutions\/index.php?rest_route=%2Fwp%2Fv2%2Fmedia&parent=2159"}],"wp:term":[{"taxonomy":"product_cat","embeddable":true,"href":"https:\/\/grandline.200.solutions\/index.php?rest_route=%2Fwp%2Fv2%2Fproduct_cat&post=2159"},{"taxonomy":"product_tag","embeddable":true,"href":"https:\/\/grandline.200.solutions\/index.php?rest_route=%2Fwp%2Fv2%2Fproduct_tag&post=2159"}],"curies":[{"name":"wp","href":"https:\/\/api.w.org\/{rel}","templated":true}]}}