{"id":2142,"date":"2024-11-08T18:46:51","date_gmt":"2024-11-08T17:46:51","guid":{"rendered":"https:\/\/grandline.200.solutions\/?post_type=product&#038;p=2142"},"modified":"2024-11-13T12:12:53","modified_gmt":"2024-11-13T11:12:53","slug":"chainsaw-man-chain-spirits-vol-6-samurai-sword","status":"publish","type":"product","link":"https:\/\/grandline.200.solutions\/?product=chainsaw-man-chain-spirits-vol-6-samurai-sword","title":{"rendered":"Chainsaw Man Chain Spirits Vol.6 Samurai Sword"},"content":{"rendered":"<p>Figurka <strong>Chainsaw Man Chain Spirits Vol.6 Samurai Sword<\/strong> zobrazuje Samurai Sworda, hybridn\u00edho \u010f\u00e1bla a \u010dlov\u011bka, kter\u00fd uzav\u0159el kontrakt s Katana Devil. Samurai Sword je zde zachycen v dynamick\u00e9 bojov\u00e9 p\u00f3ze, p\u0159ipraven\u00fd \u010delit Denjimu. Tato figurka je detailn\u011b propracovan\u00e1 a v\u011brn\u011b zachycuje intenzitu a brutalitu postavy z anime. Tento sb\u011bratelsk\u00fd kousek je perfektn\u00edm dopl\u0148kem pro ka\u017ed\u00e9ho fanou\u0161ka Chainsaw Mana.<\/p>\n<p><strong>Vlastnosti: <\/strong><\/p>\n<p>V\u00fd\u0161ka &#8211; 18 cm<\/p>\n<p>Materi\u00e1l &#8211; PVC<\/p>\n<p>Detailn\u00ed proveden\u00ed<\/p>\n<p>Sb\u011bratelsk\u00e1 edice<\/p>\n","protected":false},"excerpt":{"rendered":"<p>Figurka <strong>Chainsaw Man Chain Spirits Vol.6 Samurai Sword<\/strong> zobrazuje Samurai Sworda, hybridn\u00edho \u010f\u00e1bla a \u010dlov\u011bka, kter\u00fd uzav\u0159el kontrakt s Katana Devil. Samurai Sword je zde zachycen v dynamick\u00e9 bojov\u00e9 p\u00f3ze, p\u0159ipraven\u00fd \u010delit Denjimu. Tato figurka je detailn\u011b propracovan\u00e1 a v\u011brn\u011b zachycuje intenzitu a brutalitu postavy z anime. Tento sb\u011bratelsk\u00fd kousek je perfektn\u00edm dopl\u0148kem pro ka\u017ed\u00e9ho fanou\u0161ka Chainsaw Mana.<\/p>\n","protected":false},"featured_media":2143,"comment_status":"open","ping_status":"closed","template":"","meta":{"inline_featured_image":false},"product_cat":[77,54,60],"product_tag":[],"class_list":{"0":"post-2142","1":"product","2":"type-product","3":"status-publish","4":"has-post-thumbnail","6":"product_cat-bandai-spirits","7":"product_cat-chainsaw-man","8":"product_cat-figurky","10":"first","11":"instock","12":"shipping-taxable","13":"purchasable","14":"product-type-simple"},"_links":{"self":[{"href":"https:\/\/grandline.200.solutions\/index.php?rest_route=\/wp\/v2\/product\/2142","targetHints":{"allow":["GET"]}}],"collection":[{"href":"https:\/\/grandline.200.solutions\/index.php?rest_route=\/wp\/v2\/product"}],"about":[{"href":"https:\/\/grandline.200.solutions\/index.php?rest_route=\/wp\/v2\/types\/product"}],"replies":[{"embeddable":true,"href":"https:\/\/grandline.200.solutions\/index.php?rest_route=%2Fwp%2Fv2%2Fcomments&post=2142"}],"wp:featuredmedia":[{"embeddable":true,"href":"https:\/\/grandline.200.solutions\/index.php?rest_route=\/wp\/v2\/media\/2143"}],"wp:attachment":[{"href":"https:\/\/grandline.200.solutions\/index.php?rest_route=%2Fwp%2Fv2%2Fmedia&parent=2142"}],"wp:term":[{"taxonomy":"product_cat","embeddable":true,"href":"https:\/\/grandline.200.solutions\/index.php?rest_route=%2Fwp%2Fv2%2Fproduct_cat&post=2142"},{"taxonomy":"product_tag","embeddable":true,"href":"https:\/\/grandline.200.solutions\/index.php?rest_route=%2Fwp%2Fv2%2Fproduct_tag&post=2142"}],"curies":[{"name":"wp","href":"https:\/\/api.w.org\/{rel}","templated":true}]}}