{"id":2077,"date":"2024-11-08T16:23:08","date_gmt":"2024-11-08T15:23:08","guid":{"rendered":"https:\/\/grandline.200.solutions\/?post_type=product&#038;p=2077"},"modified":"2024-11-13T12:14:38","modified_gmt":"2024-11-13T11:14:38","slug":"chainsaw-man-luminasta-power","status":"publish","type":"product","link":"https:\/\/grandline.200.solutions\/?product=chainsaw-man-luminasta-power","title":{"rendered":"Chainsaw Man Luminasta Power"},"content":{"rendered":"<p>Figurka <strong>Chainsaw Man Luminasta Power<\/strong> zobrazuje Power v dynamick\u00e9 p\u00f3ze, kter\u00e1 dokonale vystihuje jej\u00ed divokou a nespoutanou osobnost. Tato figurka je detailn\u011b propracovan\u00e1, v\u010detn\u011b \u017eiv\u00fdch barev a jemn\u00fdch detail\u016f, kter\u00e9 p\u0159in\u00e1\u0161ej\u00ed postavu k \u017eivotu. Tento kousek je perfektn\u00edm dopl\u0148kem pro ka\u017ed\u00e9ho fanou\u0161ka s\u00e9rie Chainsaw Man.<\/p>\n<p><strong>Vlastnosti: <\/strong><\/p>\n<p>V\u00fd\u0161ka &#8211; 22 cm<\/p>\n<p>Materi\u00e1l &#8211; PVC<\/p>\n<p>Detailn\u00ed proveden\u00ed<\/p>\n<p>Sb\u011bratelsk\u00e1 edice<\/p>\n","protected":false},"excerpt":{"rendered":"<p>Figurka <strong>Chainsaw Man Luminasta Power<\/strong> zobrazuje Power v dynamick\u00e9 p\u00f3ze, kter\u00e1 dokonale vystihuje jej\u00ed divokou a nespoutanou osobnost. Tato figurka je detailn\u011b propracovan\u00e1, v\u010detn\u011b \u017eiv\u00fdch barev a jemn\u00fdch detail\u016f, kter\u00e9 p\u0159in\u00e1\u0161ej\u00ed postavu k \u017eivotu. Tento kousek je perfektn\u00edm dopl\u0148kem pro ka\u017ed\u00e9ho fanou\u0161ka s\u00e9rie Chainsaw Man.<\/p>\n","protected":false},"featured_media":2078,"comment_status":"open","ping_status":"closed","template":"","meta":{"inline_featured_image":false},"product_cat":[54,60,94],"product_tag":[],"class_list":{"0":"post-2077","1":"product","2":"type-product","3":"status-publish","4":"has-post-thumbnail","6":"product_cat-chainsaw-man","7":"product_cat-figurky","8":"product_cat-sega","10":"first","11":"instock","12":"shipping-taxable","13":"purchasable","14":"product-type-simple"},"_links":{"self":[{"href":"https:\/\/grandline.200.solutions\/index.php?rest_route=\/wp\/v2\/product\/2077","targetHints":{"allow":["GET"]}}],"collection":[{"href":"https:\/\/grandline.200.solutions\/index.php?rest_route=\/wp\/v2\/product"}],"about":[{"href":"https:\/\/grandline.200.solutions\/index.php?rest_route=\/wp\/v2\/types\/product"}],"replies":[{"embeddable":true,"href":"https:\/\/grandline.200.solutions\/index.php?rest_route=%2Fwp%2Fv2%2Fcomments&post=2077"}],"wp:featuredmedia":[{"embeddable":true,"href":"https:\/\/grandline.200.solutions\/index.php?rest_route=\/wp\/v2\/media\/2078"}],"wp:attachment":[{"href":"https:\/\/grandline.200.solutions\/index.php?rest_route=%2Fwp%2Fv2%2Fmedia&parent=2077"}],"wp:term":[{"taxonomy":"product_cat","embeddable":true,"href":"https:\/\/grandline.200.solutions\/index.php?rest_route=%2Fwp%2Fv2%2Fproduct_cat&post=2077"},{"taxonomy":"product_tag","embeddable":true,"href":"https:\/\/grandline.200.solutions\/index.php?rest_route=%2Fwp%2Fv2%2Fproduct_tag&post=2077"}],"curies":[{"name":"wp","href":"https:\/\/api.w.org\/{rel}","templated":true}]}}