{"id":2017,"date":"2024-11-08T15:55:22","date_gmt":"2024-11-08T14:55:22","guid":{"rendered":"https:\/\/grandline.200.solutions\/?post_type=product&#038;p=2017"},"modified":"2024-11-13T12:17:30","modified_gmt":"2024-11-13T11:17:30","slug":"hunter-x-hunter-hisoka-plakat","status":"publish","type":"product","link":"https:\/\/grandline.200.solutions\/?product=hunter-x-hunter-hisoka-plakat","title":{"rendered":"Hunter \u00d7 Hunter Hisoka Plak\u00e1t"},"content":{"rendered":"<p>Plak\u00e1t <strong>Hunter \u00d7 Hunter Hisoka<\/strong> zobrazuje Hisoku v jeho ikonick\u00e9 p\u00f3ze s kartou v ruce. Tento plak\u00e1t p\u0159in\u00e1\u0161\u00ed do va\u0161eho prostoru hravost a kouzlo, co\u017e z n\u011bj d\u011bl\u00e1 ide\u00e1ln\u00ed dopln\u011bk pro ka\u017ed\u00e9ho fanou\u0161ka Hunter \u00d7 Hunter.<\/p>\n<p><strong>Vlastnosti: <\/strong><\/p>\n<p>V\u00fd\u0161ka &#8211; 52 cm<\/p>\n<p>\u0160\u00ed\u0159ka &#8211; 38 cm<\/p>\n","protected":false},"excerpt":{"rendered":"<p>Plak\u00e1t <strong>Hunter \u00d7 Hunter Hisoka<\/strong> zobrazuje Hisoku v jeho ikonick\u00e9 p\u00f3ze s kartou v ruce. Tento plak\u00e1t p\u0159in\u00e1\u0161\u00ed do va\u0161eho prostoru hravost a kouzlo, co\u017e z n\u011bj d\u011bl\u00e1 ide\u00e1ln\u00ed dopln\u011bk pro ka\u017ed\u00e9ho fanou\u0161ka Hunter \u00d7 Hunter.<\/p>\n","protected":false},"featured_media":2021,"comment_status":"open","ping_status":"closed","template":"","meta":{"inline_featured_image":false},"product_cat":[76,53,59],"product_tag":[],"class_list":{"0":"post-2017","1":"product","2":"type-product","3":"status-publish","4":"has-post-thumbnail","6":"product_cat-abystyle","7":"product_cat-hunter-x-hunter","8":"product_cat-plakaty","10":"first","11":"instock","12":"shipping-taxable","13":"purchasable","14":"product-type-simple"},"_links":{"self":[{"href":"https:\/\/grandline.200.solutions\/index.php?rest_route=\/wp\/v2\/product\/2017","targetHints":{"allow":["GET"]}}],"collection":[{"href":"https:\/\/grandline.200.solutions\/index.php?rest_route=\/wp\/v2\/product"}],"about":[{"href":"https:\/\/grandline.200.solutions\/index.php?rest_route=\/wp\/v2\/types\/product"}],"replies":[{"embeddable":true,"href":"https:\/\/grandline.200.solutions\/index.php?rest_route=%2Fwp%2Fv2%2Fcomments&post=2017"}],"wp:featuredmedia":[{"embeddable":true,"href":"https:\/\/grandline.200.solutions\/index.php?rest_route=\/wp\/v2\/media\/2021"}],"wp:attachment":[{"href":"https:\/\/grandline.200.solutions\/index.php?rest_route=%2Fwp%2Fv2%2Fmedia&parent=2017"}],"wp:term":[{"taxonomy":"product_cat","embeddable":true,"href":"https:\/\/grandline.200.solutions\/index.php?rest_route=%2Fwp%2Fv2%2Fproduct_cat&post=2017"},{"taxonomy":"product_tag","embeddable":true,"href":"https:\/\/grandline.200.solutions\/index.php?rest_route=%2Fwp%2Fv2%2Fproduct_tag&post=2017"}],"curies":[{"name":"wp","href":"https:\/\/api.w.org\/{rel}","templated":true}]}}