{"id":1970,"date":"2024-11-08T15:38:09","date_gmt":"2024-11-08T14:38:09","guid":{"rendered":"https:\/\/grandline.200.solutions\/?post_type=product&#038;p=1970"},"modified":"2024-11-13T12:19:39","modified_gmt":"2024-11-13T11:19:39","slug":"my-hero-academia-heroes-darkovy-set","status":"publish","type":"product","link":"https:\/\/grandline.200.solutions\/?product=my-hero-academia-heroes-darkovy-set","title":{"rendered":"My Hero Academia Heroes D\u00e1rkov\u00fd set"},"content":{"rendered":"<p style=\"font-weight: 400;\">D\u00e1rkov\u00fd set <strong>My Hero Academia Heroes<\/strong> obsahuje skleni\u010dku, z\u00e1pisn\u00edk a odzn\u00e1\u010dek inspirovan\u00fd popul\u00e1rn\u00edm anime My Hero Academia. Sklenice je zdobena dv\u011bma hlavn\u00edmi postavami Izuku a Bakugem, na ob\u00e1lce z\u00e1pisn\u00edku je Deku a na odzn\u00e1\u010dku m\u00e1te zn\u00e1m\u00e9 \u0161koln\u00ed motto PLUS ULTRA. Tento set je ide\u00e1ln\u00edm d\u00e1rkem pro ka\u017ed\u00e9ho fanou\u0161ka My Hero Academia.<\/p>\n<p style=\"font-weight: 400;\"><strong>Vlastnosti: <\/strong><\/p>\n<p style=\"font-weight: 400;\">Objem sklenice &#8211; 400 ml<\/p>\n<p style=\"font-weight: 400;\">160 str\u00e1nkov\u00fd z\u00e1pisn\u00edk velikosti A6<\/p>\n<p style=\"font-weight: 400;\">Kovov\u00fd odzn\u00e1\u010dek<\/p>\n","protected":false},"excerpt":{"rendered":"<p style=\"font-weight: 400;\">D\u00e1rkov\u00fd set <strong>My Hero Academia Heroes<\/strong> obsahuje skleni\u010dku, z\u00e1pisn\u00edk a odzn\u00e1\u010dek inspirovan\u00fd popul\u00e1rn\u00edm anime My Hero Academia. Sklenice je zdobena dv\u011bma hlavn\u00edmi postavami Izuku a Bakugem, na ob\u00e1lce z\u00e1pisn\u00edku je Deku a na odzn\u00e1\u010dku m\u00e1te zn\u00e1m\u00e9 \u0161koln\u00ed motto PLUS ULTRA. Tento set je ide\u00e1ln\u00edm d\u00e1rkem pro ka\u017ed\u00e9ho fanou\u0161ka My Hero Academia.<\/p>\n","protected":false},"featured_media":1971,"comment_status":"open","ping_status":"closed","template":"","meta":{"inline_featured_image":false},"product_cat":[76,102,72,58,62,65],"product_tag":[],"class_list":{"0":"post-1970","1":"product","2":"type-product","3":"status-publish","4":"has-post-thumbnail","6":"product_cat-abystyle","7":"product_cat-darkove-sety","8":"product_cat-my-hero-academia","9":"product_cat-nadobi","10":"product_cat-odznacky","11":"product_cat-zapisniky","13":"first","14":"instock","15":"shipping-taxable","16":"purchasable","17":"product-type-simple"},"_links":{"self":[{"href":"https:\/\/grandline.200.solutions\/index.php?rest_route=\/wp\/v2\/product\/1970","targetHints":{"allow":["GET"]}}],"collection":[{"href":"https:\/\/grandline.200.solutions\/index.php?rest_route=\/wp\/v2\/product"}],"about":[{"href":"https:\/\/grandline.200.solutions\/index.php?rest_route=\/wp\/v2\/types\/product"}],"replies":[{"embeddable":true,"href":"https:\/\/grandline.200.solutions\/index.php?rest_route=%2Fwp%2Fv2%2Fcomments&post=1970"}],"wp:featuredmedia":[{"embeddable":true,"href":"https:\/\/grandline.200.solutions\/index.php?rest_route=\/wp\/v2\/media\/1971"}],"wp:attachment":[{"href":"https:\/\/grandline.200.solutions\/index.php?rest_route=%2Fwp%2Fv2%2Fmedia&parent=1970"}],"wp:term":[{"taxonomy":"product_cat","embeddable":true,"href":"https:\/\/grandline.200.solutions\/index.php?rest_route=%2Fwp%2Fv2%2Fproduct_cat&post=1970"},{"taxonomy":"product_tag","embeddable":true,"href":"https:\/\/grandline.200.solutions\/index.php?rest_route=%2Fwp%2Fv2%2Fproduct_tag&post=1970"}],"curies":[{"name":"wp","href":"https:\/\/api.w.org\/{rel}","templated":true}]}}