{"id":1919,"date":"2024-11-08T13:53:17","date_gmt":"2024-11-08T12:53:17","guid":{"rendered":"https:\/\/grandline.200.solutions\/?post_type=product&#038;p=1919"},"modified":"2024-11-13T12:23:37","modified_gmt":"2024-11-13T11:23:37","slug":"haikyuu-posing-figure-bokuto-kotaro","status":"publish","type":"product","link":"https:\/\/grandline.200.solutions\/?product=haikyuu-posing-figure-bokuto-kotaro","title":{"rendered":"Haikyuu!! Posing Figure Bokuto Kotaro"},"content":{"rendered":"<p>Figurka <strong>Haikyuu!! Posing Figure Bokuto Kotaro <\/strong>zobrazuje Kotaro Bokuta, kapit\u00e1na t\u00fdmu Fukurodani Academy, v dynamick\u00e9 p\u00f3ze, kter\u00e1 zachycuje jeho nad\u0161en\u00ed a energii pro volejbal. Bokuto je zde zachycen ve v\u00fdskoku s \u0161irok\u00fdm \u00fasm\u011bvem, kter\u00fd odr\u00e1\u017e\u00ed jeho v\u00e1\u0161e\u0148 pro hru. Perfektn\u00ed dopln\u011bk pro fanou\u0161ky Haikyuu!! hledaj\u00edc\u00ed dynamickou figurku do sv\u00e9 sb\u00edrky.<\/p>\n<p><strong>Vlastnosti: <\/strong><\/p>\n<p>V\u00fd\u0161ka &#8211; 16 cm<\/p>\n<p>Materi\u00e1l &#8211; PVC<\/p>\n<p>Detailn\u00ed proveden\u00ed<\/p>\n<p>Sb\u011bratelsk\u00e1 edice<\/p>\n","protected":false},"excerpt":{"rendered":"<p>Figurka <strong>Haikyuu!! Posing Figure Bokuto Kotaro <\/strong>zobrazuje Kotaro Bokuta, kapit\u00e1na t\u00fdmu Fukurodani Academy, v dynamick\u00e9 p\u00f3ze, kter\u00e1 zachycuje jeho nad\u0161en\u00ed a energii pro volejbal. Bokuto je zde zachycen ve v\u00fdskoku s \u0161irok\u00fdm \u00fasm\u011bvem, kter\u00fd odr\u00e1\u017e\u00ed jeho v\u00e1\u0161e\u0148 pro hru. Perfektn\u00ed dopln\u011bk pro fanou\u0161ky Haikyuu!! hledaj\u00edc\u00ed dynamickou figurku do sv\u00e9 sb\u00edrky.<\/p>\n","protected":false},"featured_media":1924,"comment_status":"open","ping_status":"closed","template":"","meta":{"inline_featured_image":false},"product_cat":[77,60,51],"product_tag":[],"class_list":{"0":"post-1919","1":"product","2":"type-product","3":"status-publish","4":"has-post-thumbnail","6":"product_cat-bandai-spirits","7":"product_cat-figurky","8":"product_cat-haikyuu","10":"first","11":"instock","12":"shipping-taxable","13":"purchasable","14":"product-type-simple"},"_links":{"self":[{"href":"https:\/\/grandline.200.solutions\/index.php?rest_route=\/wp\/v2\/product\/1919","targetHints":{"allow":["GET"]}}],"collection":[{"href":"https:\/\/grandline.200.solutions\/index.php?rest_route=\/wp\/v2\/product"}],"about":[{"href":"https:\/\/grandline.200.solutions\/index.php?rest_route=\/wp\/v2\/types\/product"}],"replies":[{"embeddable":true,"href":"https:\/\/grandline.200.solutions\/index.php?rest_route=%2Fwp%2Fv2%2Fcomments&post=1919"}],"wp:featuredmedia":[{"embeddable":true,"href":"https:\/\/grandline.200.solutions\/index.php?rest_route=\/wp\/v2\/media\/1924"}],"wp:attachment":[{"href":"https:\/\/grandline.200.solutions\/index.php?rest_route=%2Fwp%2Fv2%2Fmedia&parent=1919"}],"wp:term":[{"taxonomy":"product_cat","embeddable":true,"href":"https:\/\/grandline.200.solutions\/index.php?rest_route=%2Fwp%2Fv2%2Fproduct_cat&post=1919"},{"taxonomy":"product_tag","embeddable":true,"href":"https:\/\/grandline.200.solutions\/index.php?rest_route=%2Fwp%2Fv2%2Fproduct_tag&post=1919"}],"curies":[{"name":"wp","href":"https:\/\/api.w.org\/{rel}","templated":true}]}}