{"id":1769,"date":"2024-11-08T12:18:28","date_gmt":"2024-11-08T11:18:28","guid":{"rendered":"https:\/\/grandline.200.solutions\/?post_type=product&#038;p=1769"},"modified":"2024-11-13T12:55:30","modified_gmt":"2024-11-13T11:55:30","slug":"dragon-ball-dbz-radar-3d-klicenka","status":"publish","type":"product","link":"https:\/\/grandline.200.solutions\/?product=dragon-ball-dbz-radar-3d-klicenka","title":{"rendered":"Dragon Ball DBZ\/Radar 3D Kl\u00ed\u010denka"},"content":{"rendered":"<p>3D Kl\u00ed\u010denka <strong>Dragon Ball DBZ\/Radar <\/strong>v\u011brn\u011b replikuje ikonick\u00fd Dragon Radar ze s\u00e9rie Dragon Ball Z. M\u00e1 zvukov\u00e9 a sv\u011bteln\u00e9 efekty, kter\u00e9 napodobuj\u00ed zvuky radaru z anime. Skv\u011bl\u00fd dopln\u011bk pro ka\u017ed\u00e9ho fanou\u0161ka Dragon Ball.<\/p>\n<p><strong>Vlastnosti: <\/strong><\/p>\n<p>V\u00fd\u0161ka &#8211; 7 cm<\/p>\n<p>Pr\u016fm\u011br &#8211; 6 cm<\/p>\n<p>Materi\u00e1l &#8211; Kvalitn\u00ed kov<\/p>\n","protected":false},"excerpt":{"rendered":"<p>3D Kl\u00ed\u010denka <strong>Dragon Ball DBZ\/Radar <\/strong>v\u011brn\u011b replikuje ikonick\u00fd Dragon Radar ze s\u00e9rie Dragon Ball Z. M\u00e1 zvukov\u00e9 a sv\u011bteln\u00e9 efekty, kter\u00e9 napodobuj\u00ed zvuky radaru z anime. Skv\u011bl\u00fd dopln\u011bk pro ka\u017ed\u00e9ho fanou\u0161ka Dragon Ball.<\/p>\n","protected":false},"featured_media":1788,"comment_status":"open","ping_status":"closed","template":"","meta":{"inline_featured_image":false},"product_cat":[76,47,99],"product_tag":[],"class_list":{"0":"post-1769","1":"product","2":"type-product","3":"status-publish","4":"has-post-thumbnail","6":"product_cat-abystyle","7":"product_cat-dragon-ball","8":"product_cat-klicenky","10":"first","11":"instock","12":"shipping-taxable","13":"purchasable","14":"product-type-simple"},"_links":{"self":[{"href":"https:\/\/grandline.200.solutions\/index.php?rest_route=\/wp\/v2\/product\/1769","targetHints":{"allow":["GET"]}}],"collection":[{"href":"https:\/\/grandline.200.solutions\/index.php?rest_route=\/wp\/v2\/product"}],"about":[{"href":"https:\/\/grandline.200.solutions\/index.php?rest_route=\/wp\/v2\/types\/product"}],"replies":[{"embeddable":true,"href":"https:\/\/grandline.200.solutions\/index.php?rest_route=%2Fwp%2Fv2%2Fcomments&post=1769"}],"wp:featuredmedia":[{"embeddable":true,"href":"https:\/\/grandline.200.solutions\/index.php?rest_route=\/wp\/v2\/media\/1788"}],"wp:attachment":[{"href":"https:\/\/grandline.200.solutions\/index.php?rest_route=%2Fwp%2Fv2%2Fmedia&parent=1769"}],"wp:term":[{"taxonomy":"product_cat","embeddable":true,"href":"https:\/\/grandline.200.solutions\/index.php?rest_route=%2Fwp%2Fv2%2Fproduct_cat&post=1769"},{"taxonomy":"product_tag","embeddable":true,"href":"https:\/\/grandline.200.solutions\/index.php?rest_route=%2Fwp%2Fv2%2Fproduct_tag&post=1769"}],"curies":[{"name":"wp","href":"https:\/\/api.w.org\/{rel}","templated":true}]}}