{"id":1714,"date":"2024-11-07T23:33:01","date_gmt":"2024-11-07T22:33:01","guid":{"rendered":"https:\/\/grandline.200.solutions\/?post_type=product&#038;p=1714"},"modified":"2024-11-13T13:02:53","modified_gmt":"2024-11-13T12:02:53","slug":"pokemon-all-star-collection-plush-espeon-pp121-s","status":"publish","type":"product","link":"https:\/\/grandline.200.solutions\/?product=pokemon-all-star-collection-plush-espeon-pp121-s","title":{"rendered":"Pok\u00e9mon All Star Collection Plush Espeon PP121 (S)"},"content":{"rendered":"<p><b>Pok\u00e9mon All Star Collection Plush Espeon PP121 (S)<\/b><span style=\"font-weight: 400;\"> je jemn\u00e1 a elegantn\u00ed ply\u0161ov\u00e1 hra\u010dka inspirovan\u00e1 psychick\u00fdm Pok\u00e9monem Espeonem. Tento ply\u0161\u00e1k, vysok\u00fd p\u0159ibli\u017en\u011b 20 cm, je vyroben z kvalitn\u00edch materi\u00e1l\u016f a zaujme sv\u00fdm charakteristick\u00fdm fialov\u00fdm vzhledem a v\u00fdrazem. Perfektn\u00ed dopln\u011bk pro sb\u011bratele a fanou\u0161ky Pok\u00e9mon\u016f, kte\u0159\u00ed cht\u011bj\u00ed m\u00edt Espeona ve sv\u00e9 kolekci.<\/span><\/p>\n<p><b>Vlastnosti:\u00a0<\/b><\/p>\n<p><span style=\"font-weight: 400;\">V\u00fd\u0161ka &#8211; 19 cm<\/span><\/p>\n<p><span style=\"font-weight: 400;\">\u0160\u00ed\u0159ka &#8211; 19 cm<\/span><\/p>\n<p><span style=\"font-weight: 400;\">D\u00e9lka &#8211; 10 cm<\/span><\/p>\n<p><span style=\"font-weight: 400;\">Materi\u00e1l &#8211; Ply\u0161<\/span><\/p>\n","protected":false},"excerpt":{"rendered":"<p><b>Pok\u00e9mon All Star Collection Plush Espeon PP121 (S)<\/b><span style=\"font-weight: 400;\"> je jemn\u00e1 a elegantn\u00ed ply\u0161ov\u00e1 hra\u010dka inspirovan\u00e1 psychick\u00fdm Pok\u00e9monem Espeonem. Tento ply\u0161\u00e1k, vysok\u00fd p\u0159ibli\u017en\u011b 20 cm, je vyroben z kvalitn\u00edch materi\u00e1l\u016f a zaujme sv\u00fdm charakteristick\u00fdm fialov\u00fdm vzhledem a v\u00fdrazem. Perfektn\u00ed dopln\u011bk pro sb\u011bratele a fanou\u0161ky Pok\u00e9mon\u016f, kte\u0159\u00ed cht\u011bj\u00ed m\u00edt Espeona ve sv\u00e9 kolekci.<\/span><\/p>\n","protected":false},"featured_media":1715,"comment_status":"open","ping_status":"closed","template":"","meta":{"inline_featured_image":false},"product_cat":[90,81,89],"product_tag":[],"class_list":{"0":"post-1714","1":"product","2":"type-product","3":"status-publish","4":"has-post-thumbnail","6":"product_cat-plysaci","7":"product_cat-pokemon","8":"product_cat-san-ei-boeki","10":"first","11":"instock","12":"shipping-taxable","13":"purchasable","14":"product-type-simple"},"_links":{"self":[{"href":"https:\/\/grandline.200.solutions\/index.php?rest_route=\/wp\/v2\/product\/1714","targetHints":{"allow":["GET"]}}],"collection":[{"href":"https:\/\/grandline.200.solutions\/index.php?rest_route=\/wp\/v2\/product"}],"about":[{"href":"https:\/\/grandline.200.solutions\/index.php?rest_route=\/wp\/v2\/types\/product"}],"replies":[{"embeddable":true,"href":"https:\/\/grandline.200.solutions\/index.php?rest_route=%2Fwp%2Fv2%2Fcomments&post=1714"}],"wp:featuredmedia":[{"embeddable":true,"href":"https:\/\/grandline.200.solutions\/index.php?rest_route=\/wp\/v2\/media\/1715"}],"wp:attachment":[{"href":"https:\/\/grandline.200.solutions\/index.php?rest_route=%2Fwp%2Fv2%2Fmedia&parent=1714"}],"wp:term":[{"taxonomy":"product_cat","embeddable":true,"href":"https:\/\/grandline.200.solutions\/index.php?rest_route=%2Fwp%2Fv2%2Fproduct_cat&post=1714"},{"taxonomy":"product_tag","embeddable":true,"href":"https:\/\/grandline.200.solutions\/index.php?rest_route=%2Fwp%2Fv2%2Fproduct_tag&post=1714"}],"curies":[{"name":"wp","href":"https:\/\/api.w.org\/{rel}","templated":true}]}}