{"id":1690,"date":"2024-11-07T23:10:32","date_gmt":"2024-11-07T22:10:32","guid":{"rendered":"https:\/\/grandline.200.solutions\/?post_type=product&#038;p=1690"},"modified":"2024-11-13T13:05:02","modified_gmt":"2024-11-13T12:05:02","slug":"pokemon-all-star-collection-plush-mewtwo-pp24-s","status":"publish","type":"product","link":"https:\/\/grandline.200.solutions\/?product=pokemon-all-star-collection-plush-mewtwo-pp24-s","title":{"rendered":"Pok\u00e9mon All Star Collection Plush Mewtwo PP24 (S)"},"content":{"rendered":"<p><b>Pok\u00e9mon All Star Collection Plush Mewtwo PP24 (S)<\/b><span style=\"font-weight: 400;\"> je m\u011bkk\u00e1 ply\u0161ov\u00e1 hra\u010dka z obl\u00edben\u00e9 s\u00e9rie Pok\u00e9mon\u016f. Tento detailn\u011b propracovan\u00fd Mewtwo je vyroben z kvalitn\u00edho materi\u00e1lu, m\u011b\u0159\u00ed p\u0159ibli\u017en\u011b 25,5 cm a m\u00e1 ikonick\u00fd design. Ide\u00e1ln\u00ed d\u00e1rek pro fanou\u0161ky Pok\u00e9mon\u016f, kter\u00fd p\u0159in\u00e1\u0161\u00ed obl\u00edbenou postavu do va\u0161\u00ed sb\u00edrky.<\/span><\/p>\n<p><b>Vlastnosti:\u00a0<\/b><\/p>\n<p><span style=\"font-weight: 400;\">V\u00fd\u0161ka &#8211; 25,5 cm<\/span><\/p>\n<p><span style=\"font-weight: 400;\">\u0160\u00ed\u0159ka &#8211; 14 cm<\/span><\/p>\n<p><span style=\"font-weight: 400;\">D\u00e9lka &#8211; 12 cm<\/span><\/p>\n<p><span style=\"font-weight: 400;\">Materi\u00e1l &#8211; Ply\u0161<\/span><\/p>\n","protected":false},"excerpt":{"rendered":"<p><b>Pok\u00e9mon All Star Collection Plush Mewtwo PP24 (S)<\/b><span style=\"font-weight: 400;\"> je m\u011bkk\u00e1 ply\u0161ov\u00e1 hra\u010dka z obl\u00edben\u00e9 s\u00e9rie Pok\u00e9mon\u016f. Tento detailn\u011b propracovan\u00fd Mewtwo je vyroben z kvalitn\u00edho materi\u00e1lu, m\u011b\u0159\u00ed p\u0159ibli\u017en\u011b 25,5 cm a m\u00e1 ikonick\u00fd design. Ide\u00e1ln\u00ed d\u00e1rek pro fanou\u0161ky Pok\u00e9mon\u016f, kter\u00fd p\u0159in\u00e1\u0161\u00ed obl\u00edbenou postavu do va\u0161\u00ed sb\u00edrky.<\/span><\/p>\n","protected":false},"featured_media":1691,"comment_status":"open","ping_status":"closed","template":"","meta":{"inline_featured_image":false},"product_cat":[90,81,89],"product_tag":[],"class_list":{"0":"post-1690","1":"product","2":"type-product","3":"status-publish","4":"has-post-thumbnail","6":"product_cat-plysaci","7":"product_cat-pokemon","8":"product_cat-san-ei-boeki","10":"first","11":"instock","12":"shipping-taxable","13":"purchasable","14":"product-type-simple"},"_links":{"self":[{"href":"https:\/\/grandline.200.solutions\/index.php?rest_route=\/wp\/v2\/product\/1690","targetHints":{"allow":["GET"]}}],"collection":[{"href":"https:\/\/grandline.200.solutions\/index.php?rest_route=\/wp\/v2\/product"}],"about":[{"href":"https:\/\/grandline.200.solutions\/index.php?rest_route=\/wp\/v2\/types\/product"}],"replies":[{"embeddable":true,"href":"https:\/\/grandline.200.solutions\/index.php?rest_route=%2Fwp%2Fv2%2Fcomments&post=1690"}],"wp:featuredmedia":[{"embeddable":true,"href":"https:\/\/grandline.200.solutions\/index.php?rest_route=\/wp\/v2\/media\/1691"}],"wp:attachment":[{"href":"https:\/\/grandline.200.solutions\/index.php?rest_route=%2Fwp%2Fv2%2Fmedia&parent=1690"}],"wp:term":[{"taxonomy":"product_cat","embeddable":true,"href":"https:\/\/grandline.200.solutions\/index.php?rest_route=%2Fwp%2Fv2%2Fproduct_cat&post=1690"},{"taxonomy":"product_tag","embeddable":true,"href":"https:\/\/grandline.200.solutions\/index.php?rest_route=%2Fwp%2Fv2%2Fproduct_tag&post=1690"}],"curies":[{"name":"wp","href":"https:\/\/api.w.org\/{rel}","templated":true}]}}