{"id":1576,"date":"2024-11-07T21:03:37","date_gmt":"2024-11-07T20:03:37","guid":{"rendered":"https:\/\/grandline.200.solutions\/?post_type=product&#038;p=1576"},"modified":"2024-11-13T13:13:02","modified_gmt":"2024-11-13T12:13:02","slug":"one-piece-pirates-emblems-destnik","status":"publish","type":"product","link":"https:\/\/grandline.200.solutions\/?product=one-piece-pirates-emblems-destnik","title":{"rendered":"One Piece Pirates emblems De\u0161tn\u00edk"},"content":{"rendered":"<p><span style=\"font-weight: 400;\">De\u0161tn\u00edk <\/span><b>One Piece Pirates emblems<\/b><span style=\"font-weight: 400;\"> je stylov\u00fd a praktick\u00fd dopln\u011bk pro fanou\u0161ky s\u00e9rie One Piece. Tento skl\u00e1dac\u00ed de\u0161tn\u00edk je navr\u017een s motivem nejzn\u00e1m\u011bj\u0161\u00edch pir\u00e1tsk\u00fdch pos\u00e1dek ze s\u00e9rie, co\u017e mu dod\u00e1v\u00e1 jedine\u010dn\u00fd vzhled. De\u0161tn\u00edk je vyroben z odoln\u00fdch materi\u00e1l\u016f a je dod\u00e1v\u00e1n s odpov\u00eddaj\u00edc\u00edm pouzdrem pro snadn\u00e9 p\u0159en\u00e1\u0161en\u00ed. Je ide\u00e1ln\u00ed pro ochranu p\u0159ed de\u0161t\u011bm a z\u00e1rove\u0148 umo\u017e\u0148uje vyj\u00e1d\u0159it svou l\u00e1sku k t\u00e9to popul\u00e1rn\u00ed anime s\u00e9rii.<\/span><\/p>\n<p><b>Vlastnosti:\u00a0<\/b><\/p>\n<p><span style=\"font-weight: 400;\">Rozm\u011bry &#8211; Pr\u016fm\u011br cca 96 cm v otev\u0159en\u00e9m stavu, v\u00fd\u0161ka cca 30 cm x d\u00e9lka cca 6 cm ve slo\u017een\u00e9m stavu<\/span><\/p>\n<p><span style=\"font-weight: 400;\">Materi\u00e1l &#8211; Polyester<\/span><\/p>\n","protected":false},"excerpt":{"rendered":"<p><span style=\"font-weight: 400;\">De\u0161tn\u00edk <\/span><b>One Piece Pirates emblems<\/b><span style=\"font-weight: 400;\"> je stylov\u00fd a praktick\u00fd dopln\u011bk pro fanou\u0161ky s\u00e9rie One Piece. Tento skl\u00e1dac\u00ed de\u0161tn\u00edk je navr\u017een s motivem nejzn\u00e1m\u011bj\u0161\u00edch pir\u00e1tsk\u00fdch pos\u00e1dek ze s\u00e9rie, co\u017e mu dod\u00e1v\u00e1 jedine\u010dn\u00fd vzhled. De\u0161tn\u00edk je vyroben z odoln\u00fdch materi\u00e1l\u016f a je dod\u00e1v\u00e1n s odpov\u00eddaj\u00edc\u00edm pouzdrem pro snadn\u00e9 p\u0159en\u00e1\u0161en\u00ed. Je ide\u00e1ln\u00ed pro ochranu p\u0159ed de\u0161t\u011bm a z\u00e1rove\u0148 umo\u017e\u0148uje vyj\u00e1d\u0159it svou l\u00e1sku k t\u00e9to popul\u00e1rn\u00ed anime s\u00e9rii.<\/span><\/p>\n","protected":false},"featured_media":1577,"comment_status":"open","ping_status":"closed","template":"","meta":{"inline_featured_image":false},"product_cat":[76,63,74],"product_tag":[],"class_list":{"0":"post-1576","1":"product","2":"type-product","3":"status-publish","4":"has-post-thumbnail","6":"product_cat-abystyle","7":"product_cat-destniky","8":"product_cat-one-piece","10":"first","11":"instock","12":"shipping-taxable","13":"purchasable","14":"product-type-simple"},"_links":{"self":[{"href":"https:\/\/grandline.200.solutions\/index.php?rest_route=\/wp\/v2\/product\/1576","targetHints":{"allow":["GET"]}}],"collection":[{"href":"https:\/\/grandline.200.solutions\/index.php?rest_route=\/wp\/v2\/product"}],"about":[{"href":"https:\/\/grandline.200.solutions\/index.php?rest_route=\/wp\/v2\/types\/product"}],"replies":[{"embeddable":true,"href":"https:\/\/grandline.200.solutions\/index.php?rest_route=%2Fwp%2Fv2%2Fcomments&post=1576"}],"wp:featuredmedia":[{"embeddable":true,"href":"https:\/\/grandline.200.solutions\/index.php?rest_route=\/wp\/v2\/media\/1577"}],"wp:attachment":[{"href":"https:\/\/grandline.200.solutions\/index.php?rest_route=%2Fwp%2Fv2%2Fmedia&parent=1576"}],"wp:term":[{"taxonomy":"product_cat","embeddable":true,"href":"https:\/\/grandline.200.solutions\/index.php?rest_route=%2Fwp%2Fv2%2Fproduct_cat&post=1576"},{"taxonomy":"product_tag","embeddable":true,"href":"https:\/\/grandline.200.solutions\/index.php?rest_route=%2Fwp%2Fv2%2Fproduct_tag&post=1576"}],"curies":[{"name":"wp","href":"https:\/\/api.w.org\/{rel}","templated":true}]}}