{"id":1563,"date":"2024-11-07T20:57:04","date_gmt":"2024-11-07T19:57:04","guid":{"rendered":"https:\/\/grandline.200.solutions\/?post_type=product&#038;p=1563"},"modified":"2024-11-13T13:14:16","modified_gmt":"2024-11-13T12:14:16","slug":"one-piece-straw-hat-crew-a5-zapisnik","status":"publish","type":"product","link":"https:\/\/grandline.200.solutions\/?product=one-piece-straw-hat-crew-a5-zapisnik","title":{"rendered":"One Piece Straw Hat Crew A5 Z\u00e1pisn\u00edk"},"content":{"rendered":"<p><span style=\"font-weight: 400;\">Z\u00e1pisn\u00edk <\/span><b>One Piece Straw Hat Crew A5<\/b><span style=\"font-weight: 400;\"> je ide\u00e1ln\u00ed pro ka\u017ed\u00e9ho fanou\u0161ka s\u00e9rie One Piece. Tento z\u00e1pisn\u00edk m\u00e1 tvrd\u00e9 desky s matn\u00fdm povrchem a z\u00e1lo\u017ekou pro snadn\u00e9 ozna\u010den\u00ed str\u00e1nek. Na ob\u00e1lce jsou zobrazeny hlavn\u00ed postavy Luffyho, Zora, Sanjiho, Robin, Ussopa, Nami, Brooka, Frankyho a Choppera, co\u017e dod\u00e1v\u00e1 z\u00e1pisn\u00edku jedine\u010dn\u00fd vzhled.<\/span><\/p>\n<p><b>Vlastnosti:\u00a0<\/b><\/p>\n<p><span style=\"font-weight: 400;\">V\u00fd\u0161ka &#8211; 21,7 cm<\/span><\/p>\n<p><span style=\"font-weight: 400;\">\u0160\u00ed\u0159ka &#8211; 15,5 cm<\/span><\/p>\n<p><span style=\"font-weight: 400;\">Materi\u00e1l &#8211; pap\u00edr<\/span><\/p>\n<p><span style=\"font-weight: 400;\">180 str\u00e1nek<\/span><\/p>\n","protected":false},"excerpt":{"rendered":"<p><span style=\"font-weight: 400;\">Z\u00e1pisn\u00edk <\/span><b>One Piece Straw Hat Crew A5<\/b><span style=\"font-weight: 400;\"> je ide\u00e1ln\u00ed pro ka\u017ed\u00e9ho fanou\u0161ka s\u00e9rie One Piece. Tento z\u00e1pisn\u00edk m\u00e1 tvrd\u00e9 desky s matn\u00fdm povrchem a z\u00e1lo\u017ekou pro snadn\u00e9 ozna\u010den\u00ed str\u00e1nek. Na ob\u00e1lce jsou zobrazeny hlavn\u00ed postavy Luffyho, Zora, Sanjiho, Robin, Ussopa, Nami, Brooka, Frankyho a Choppera, co\u017e dod\u00e1v\u00e1 z\u00e1pisn\u00edku jedine\u010dn\u00fd vzhled.<\/span><\/p>\n","protected":false},"featured_media":1567,"comment_status":"open","ping_status":"closed","template":"","meta":{"inline_featured_image":false},"product_cat":[76,74,65],"product_tag":[],"class_list":{"0":"post-1563","1":"product","2":"type-product","3":"status-publish","4":"has-post-thumbnail","6":"product_cat-abystyle","7":"product_cat-one-piece","8":"product_cat-zapisniky","10":"first","11":"instock","12":"shipping-taxable","13":"purchasable","14":"product-type-simple"},"_links":{"self":[{"href":"https:\/\/grandline.200.solutions\/index.php?rest_route=\/wp\/v2\/product\/1563","targetHints":{"allow":["GET"]}}],"collection":[{"href":"https:\/\/grandline.200.solutions\/index.php?rest_route=\/wp\/v2\/product"}],"about":[{"href":"https:\/\/grandline.200.solutions\/index.php?rest_route=\/wp\/v2\/types\/product"}],"replies":[{"embeddable":true,"href":"https:\/\/grandline.200.solutions\/index.php?rest_route=%2Fwp%2Fv2%2Fcomments&post=1563"}],"wp:featuredmedia":[{"embeddable":true,"href":"https:\/\/grandline.200.solutions\/index.php?rest_route=\/wp\/v2\/media\/1567"}],"wp:attachment":[{"href":"https:\/\/grandline.200.solutions\/index.php?rest_route=%2Fwp%2Fv2%2Fmedia&parent=1563"}],"wp:term":[{"taxonomy":"product_cat","embeddable":true,"href":"https:\/\/grandline.200.solutions\/index.php?rest_route=%2Fwp%2Fv2%2Fproduct_cat&post=1563"},{"taxonomy":"product_tag","embeddable":true,"href":"https:\/\/grandline.200.solutions\/index.php?rest_route=%2Fwp%2Fv2%2Fproduct_tag&post=1563"}],"curies":[{"name":"wp","href":"https:\/\/api.w.org\/{rel}","templated":true}]}}