{"id":1512,"date":"2024-11-07T20:37:35","date_gmt":"2024-11-07T19:37:35","guid":{"rendered":"https:\/\/grandline.200.solutions\/?post_type=product&#038;p=1512"},"modified":"2024-11-13T13:16:06","modified_gmt":"2024-11-13T12:16:06","slug":"one-piece-wanted-puzzle","status":"publish","type":"product","link":"https:\/\/grandline.200.solutions\/?product=one-piece-wanted-puzzle","title":{"rendered":"One Piece Wanted Puzzle"},"content":{"rendered":"<p><span style=\"font-weight: 400;\">Puzzle <\/span><b>One Piece Straw Hat Crew <\/b><span style=\"font-weight: 400;\">je ide\u00e1ln\u00ed pro ka\u017ed\u00e9ho fanou\u0161ka One Piece. Toto puzzle obsahuje 1000 d\u00edlk\u016f a zobrazuje hledan\u00e9 plak\u00e1ty Luffyho a jeho pos\u00e1dky. U\u017eijte si hodiny z\u00e1bavy p\u0159i skl\u00e1d\u00e1n\u00ed dobrodru\u017en\u00e9ho sv\u011bta One Piece!<\/span><\/p>\n<p><b>Vlastnosti:\u00a0<\/b><\/p>\n<p><span style=\"font-weight: 400;\">Celkov\u00e1 velikost po sestaven\u00ed &#8211; 50 x 70 cm<\/span><\/p>\n<p><span style=\"font-weight: 400;\">Rozm\u011bry balen\u00ed &#8211; 37 x 5 x 27 cm<\/span><\/p>\n<p><span style=\"font-weight: 400;\">1000 d\u00edlk\u016f<\/span><\/p>\n","protected":false},"excerpt":{"rendered":"<p><span style=\"font-weight: 400;\">Puzzle <\/span><b>One Piece Straw Hat Crew <\/b><span style=\"font-weight: 400;\">je ide\u00e1ln\u00ed pro ka\u017ed\u00e9ho fanou\u0161ka One Piece. Toto puzzle obsahuje 1000 d\u00edlk\u016f a zobrazuje hledan\u00e9 plak\u00e1ty Luffyho a jeho pos\u00e1dky. U\u017eijte si hodiny z\u00e1bavy p\u0159i skl\u00e1d\u00e1n\u00ed dobrodru\u017en\u00e9ho sv\u011bta One Piece!<\/span><\/p>\n","protected":false},"featured_media":1513,"comment_status":"open","ping_status":"closed","template":"","meta":{"inline_featured_image":false},"product_cat":[76,74,66],"product_tag":[],"class_list":{"0":"post-1512","1":"product","2":"type-product","3":"status-publish","4":"has-post-thumbnail","6":"product_cat-abystyle","7":"product_cat-one-piece","8":"product_cat-puzzle","10":"first","11":"instock","12":"shipping-taxable","13":"purchasable","14":"product-type-simple"},"_links":{"self":[{"href":"https:\/\/grandline.200.solutions\/index.php?rest_route=\/wp\/v2\/product\/1512","targetHints":{"allow":["GET"]}}],"collection":[{"href":"https:\/\/grandline.200.solutions\/index.php?rest_route=\/wp\/v2\/product"}],"about":[{"href":"https:\/\/grandline.200.solutions\/index.php?rest_route=\/wp\/v2\/types\/product"}],"replies":[{"embeddable":true,"href":"https:\/\/grandline.200.solutions\/index.php?rest_route=%2Fwp%2Fv2%2Fcomments&post=1512"}],"wp:featuredmedia":[{"embeddable":true,"href":"https:\/\/grandline.200.solutions\/index.php?rest_route=\/wp\/v2\/media\/1513"}],"wp:attachment":[{"href":"https:\/\/grandline.200.solutions\/index.php?rest_route=%2Fwp%2Fv2%2Fmedia&parent=1512"}],"wp:term":[{"taxonomy":"product_cat","embeddable":true,"href":"https:\/\/grandline.200.solutions\/index.php?rest_route=%2Fwp%2Fv2%2Fproduct_cat&post=1512"},{"taxonomy":"product_tag","embeddable":true,"href":"https:\/\/grandline.200.solutions\/index.php?rest_route=%2Fwp%2Fv2%2Fproduct_tag&post=1512"}],"curies":[{"name":"wp","href":"https:\/\/api.w.org\/{rel}","templated":true}]}}