{"id":1494,"date":"2024-11-07T19:37:45","date_gmt":"2024-11-07T18:37:45","guid":{"rendered":"https:\/\/grandline.200.solutions\/?post_type=product&#038;p=1494"},"modified":"2024-11-13T13:17:25","modified_gmt":"2024-11-13T12:17:25","slug":"dragon-ball-z-blood-of-saiyans-super-saiyan-trunks","status":"publish","type":"product","link":"https:\/\/grandline.200.solutions\/?product=dragon-ball-z-blood-of-saiyans-super-saiyan-trunks","title":{"rendered":"Dragon Ball Z BLOOD OF SAIYANS Super Saiyan Trunks"},"content":{"rendered":"<p>Figurka <strong>Dragon Ball Z BLOOD OF SAIYANS Super Saiyan Trunks<\/strong> zobrazuje Trunkse v jeho Super Saiyan podob\u011b, p\u0159ipraven\u00e9ho k boji. Tato figurka v\u011brn\u011b zachycuje jeho ikonick\u00fd vzhled a bojov\u00fd postoj. Je to skv\u011bl\u00fd dopln\u011bk pro ka\u017ed\u00e9ho fanou\u0161ka Dragon Ball Z.<\/p>\n<p><strong>Vlastnosti:<\/strong><\/p>\n<p>V\u00fd\u0161ka &#8211; 17 cm<\/p>\n<p>Materi\u00e1l &#8211; PVC<\/p>\n<p>Detailn\u00ed proveden\u00ed<\/p>\n<p>Sb\u011bratelsk\u00e1 edice<\/p>\n","protected":false},"excerpt":{"rendered":"<p>Figurka<strong> Dragon Ball Z BLOOD OF SAIYANS Super Saiyan Trunks<\/strong> zobrazuje Trunkse v jeho Super Saiyan podob\u011b, p\u0159ipraven\u00e9ho k boji. Tato figurka v\u011brn\u011b zachycuje jeho ikonick\u00fd vzhled a bojov\u00fd postoj. Je to skv\u011bl\u00fd dopln\u011bk pro ka\u017ed\u00e9ho fanou\u0161ka Dragon Ball Z.<\/p>\n","protected":false},"featured_media":1499,"comment_status":"open","ping_status":"closed","template":"","meta":{"inline_featured_image":false},"product_cat":[77,47,60],"product_tag":[],"class_list":{"0":"post-1494","1":"product","2":"type-product","3":"status-publish","4":"has-post-thumbnail","6":"product_cat-bandai-spirits","7":"product_cat-dragon-ball","8":"product_cat-figurky","10":"first","11":"instock","12":"shipping-taxable","13":"purchasable","14":"product-type-simple"},"_links":{"self":[{"href":"https:\/\/grandline.200.solutions\/index.php?rest_route=\/wp\/v2\/product\/1494","targetHints":{"allow":["GET"]}}],"collection":[{"href":"https:\/\/grandline.200.solutions\/index.php?rest_route=\/wp\/v2\/product"}],"about":[{"href":"https:\/\/grandline.200.solutions\/index.php?rest_route=\/wp\/v2\/types\/product"}],"replies":[{"embeddable":true,"href":"https:\/\/grandline.200.solutions\/index.php?rest_route=%2Fwp%2Fv2%2Fcomments&post=1494"}],"wp:featuredmedia":[{"embeddable":true,"href":"https:\/\/grandline.200.solutions\/index.php?rest_route=\/wp\/v2\/media\/1499"}],"wp:attachment":[{"href":"https:\/\/grandline.200.solutions\/index.php?rest_route=%2Fwp%2Fv2%2Fmedia&parent=1494"}],"wp:term":[{"taxonomy":"product_cat","embeddable":true,"href":"https:\/\/grandline.200.solutions\/index.php?rest_route=%2Fwp%2Fv2%2Fproduct_cat&post=1494"},{"taxonomy":"product_tag","embeddable":true,"href":"https:\/\/grandline.200.solutions\/index.php?rest_route=%2Fwp%2Fv2%2Fproduct_tag&post=1494"}],"curies":[{"name":"wp","href":"https:\/\/api.w.org\/{rel}","templated":true}]}}