{"id":1488,"date":"2024-11-07T19:34:59","date_gmt":"2024-11-07T18:34:59","guid":{"rendered":"https:\/\/grandline.200.solutions\/?post_type=product&#038;p=1488"},"modified":"2024-11-13T13:17:32","modified_gmt":"2024-11-13T12:17:32","slug":"dragon-ball-z-solid-edge-works-the-battlefield-android-17","status":"publish","type":"product","link":"https:\/\/grandline.200.solutions\/?product=dragon-ball-z-solid-edge-works-the-battlefield-android-17","title":{"rendered":"Dragon Ball Z SOLID EDGE WORKS ~The Battlefield~  Android 17"},"content":{"rendered":"<p>Figurka <strong>Dragon Ball Z SOLID EDGE WORKS ~The Battlefield~ Android 17<\/strong> zobrazuje Androida 17 v jeho ikonick\u00e9 p\u00f3ze, p\u0159ipraven\u00e9ho \u010delit nep\u0159\u00e1tel\u016fm. Tato figurka v\u011brn\u011b zachycuje jeho sebev\u011bdom\u00fd v\u00fdraz a charakteristick\u00fd styl. Je to skv\u011bl\u00fd dopln\u011bk pro ka\u017ed\u00e9ho fanou\u0161ka Dragon Ball Z.<\/p>\n<p><strong>Vlastnosti:<\/strong><\/p>\n<p>V\u00fd\u0161ka &#8211; 17 cm<\/p>\n<p>Materi\u00e1l &#8211; PVC<\/p>\n<p>Detailn\u00ed proveden\u00ed<\/p>\n<p>Sb\u011bratelsk\u00e1 edice<\/p>\n","protected":false},"excerpt":{"rendered":"<p>Figurka <strong>Dragon Ball Z SOLID EDGE WORKS ~The Battlefield~ Android 17<\/strong> zobrazuje Androida 17 v jeho ikonick\u00e9 p\u00f3ze, p\u0159ipraven\u00e9ho \u010delit nep\u0159\u00e1tel\u016fm. Tato figurka v\u011brn\u011b zachycuje jeho sebev\u011bdom\u00fd v\u00fdraz a charakteristick\u00fd styl. Je to skv\u011bl\u00fd dopln\u011bk pro ka\u017ed\u00e9ho fanou\u0161ka Dragon Ball Z.<\/p>\n","protected":false},"featured_media":1492,"comment_status":"open","ping_status":"closed","template":"","meta":{"inline_featured_image":false},"product_cat":[77,47,60],"product_tag":[],"class_list":{"0":"post-1488","1":"product","2":"type-product","3":"status-publish","4":"has-post-thumbnail","6":"product_cat-bandai-spirits","7":"product_cat-dragon-ball","8":"product_cat-figurky","10":"first","11":"instock","12":"shipping-taxable","13":"purchasable","14":"product-type-simple"},"_links":{"self":[{"href":"https:\/\/grandline.200.solutions\/index.php?rest_route=\/wp\/v2\/product\/1488","targetHints":{"allow":["GET"]}}],"collection":[{"href":"https:\/\/grandline.200.solutions\/index.php?rest_route=\/wp\/v2\/product"}],"about":[{"href":"https:\/\/grandline.200.solutions\/index.php?rest_route=\/wp\/v2\/types\/product"}],"replies":[{"embeddable":true,"href":"https:\/\/grandline.200.solutions\/index.php?rest_route=%2Fwp%2Fv2%2Fcomments&post=1488"}],"wp:featuredmedia":[{"embeddable":true,"href":"https:\/\/grandline.200.solutions\/index.php?rest_route=\/wp\/v2\/media\/1492"}],"wp:attachment":[{"href":"https:\/\/grandline.200.solutions\/index.php?rest_route=%2Fwp%2Fv2%2Fmedia&parent=1488"}],"wp:term":[{"taxonomy":"product_cat","embeddable":true,"href":"https:\/\/grandline.200.solutions\/index.php?rest_route=%2Fwp%2Fv2%2Fproduct_cat&post=1488"},{"taxonomy":"product_tag","embeddable":true,"href":"https:\/\/grandline.200.solutions\/index.php?rest_route=%2Fwp%2Fv2%2Fproduct_tag&post=1488"}],"curies":[{"name":"wp","href":"https:\/\/api.w.org\/{rel}","templated":true}]}}