{"id":1455,"date":"2024-11-07T17:31:47","date_gmt":"2024-11-07T16:31:47","guid":{"rendered":"https:\/\/grandline.200.solutions\/?post_type=product&#038;p=1455"},"modified":"2024-11-13T13:20:15","modified_gmt":"2024-11-13T12:20:15","slug":"one-piece-dxf-figure-the-grandline-series-egghead-roronoa-zoro","status":"publish","type":"product","link":"https:\/\/grandline.200.solutions\/?product=one-piece-dxf-figure-the-grandline-series-egghead-roronoa-zoro","title":{"rendered":"One Piece DXF Figure The Grandline Series Egghead Roronoa Zoro"},"content":{"rendered":"<p><span style=\"font-weight: 400;\">Figurka <\/span><b>One Piece DXF Figure The Grandline Series Egghead Roronoa Zoro<\/b><span style=\"font-weight: 400;\"> zobrazuje Zora v jeho outfitu z Egghead Arcu. Zoro je zde zachycen ve sv\u00e9 ikonick\u00e9 p\u00f3ze, p\u0159ipraven\u00fd k boji se sv\u00fdmi me\u010di. Tato figurka je detailn\u011b propracovan\u00e1 a v\u011brn\u011b zachycuje jeho vzhled z anime, v\u010detn\u011b jeho odhodlan\u00e9ho v\u00fdrazu a bojov\u00e9ho ducha. Tento sb\u011bratelsk\u00fd kousek by nem\u011bl chyb\u011bt ve sb\u00edrce \u017e\u00e1dn\u00e9ho fanou\u0161ka One Piece.<\/span><\/p>\n<p><b>Vlastnosti:\u00a0<\/b><\/p>\n<p><span style=\"font-weight: 400;\">V\u00fd\u0161ka &#8211; 17 cm<\/span><\/p>\n<p><span style=\"font-weight: 400;\">Materi\u00e1l &#8211; PVC<\/span><\/p>\n<p><span style=\"font-weight: 400;\">Detailn\u00ed proveden\u00ed<\/span><\/p>\n<p><span style=\"font-weight: 400;\">Sb\u011bratelsk\u00e1 edice<\/span><\/p>\n","protected":false},"excerpt":{"rendered":"<p><span style=\"font-weight: 400;\">Figurka <\/span><b>One Piece DXF Figure The Grandline Series Egghead Roronoa Zoro<\/b><span style=\"font-weight: 400;\"> zobrazuje Zora v jeho outfitu z Egghead Arcu. Zoro je zde zachycen ve sv\u00e9 ikonick\u00e9 p\u00f3ze, p\u0159ipraven\u00fd k boji se sv\u00fdmi me\u010di. Tato figurka je detailn\u011b propracovan\u00e1 a v\u011brn\u011b zachycuje jeho vzhled z anime, v\u010detn\u011b jeho odhodlan\u00e9ho v\u00fdrazu a bojov\u00e9ho ducha. Tento sb\u011bratelsk\u00fd kousek by nem\u011bl chyb\u011bt ve sb\u00edrce \u017e\u00e1dn\u00e9ho fanou\u0161ka One Piece.<\/span><\/p>\n","protected":false},"featured_media":1456,"comment_status":"open","ping_status":"closed","template":"","meta":{"inline_featured_image":false},"product_cat":[39,77,40,41,42,54,43,44,45,46,47,48,49,60,50,51,52,53,69,55,70,71,72,73,74,101,79,81,82,85,83,86,84,87,88],"product_tag":[],"class_list":{"0":"post-1455","1":"product","2":"type-product","3":"status-publish","4":"has-post-thumbnail","6":"product_cat-attack-on-titan","7":"product_cat-bandai-spirits","8":"product_cat-berserk","9":"product_cat-bleach","10":"product_cat-blue-lock","11":"product_cat-chainsaw-man","12":"product_cat-dan-da-dan","13":"product_cat-death-note","14":"product_cat-demon-slayer","15":"product_cat-dr-stone","16":"product_cat-dragon-ball","17":"product_cat-evangelion","18":"product_cat-fairy-tail","19":"product_cat-figurky","20":"product_cat-fullmetal-alchemist","21":"product_cat-haikyuu","22":"product_cat-hatsune-miku","23":"product_cat-hunter-x-hunter","24":"product_cat-jojos-bizarre-adventure","25":"product_cat-jujutsu-kaisen","26":"product_cat-junji-ito-collection","27":"product_cat-mashle-magic-and-muscles","28":"product_cat-my-hero-academia","29":"product_cat-naruto","30":"product_cat-one-piece","31":"product_cat-one-punch-man","32":"product_cat-overlord","33":"product_cat-pokemon","34":"product_cat-rezero","35":"product_cat-spy-x-family","36":"product_cat-sword-art-online","37":"product_cat-that-time-i-got-reincarnated-as-a-slime","38":"product_cat-the-seven-deadly-sins","39":"product_cat-tokyo-ghoul","40":"product_cat-tokyo-revengers","42":"first","43":"instock","44":"shipping-taxable","45":"purchasable","46":"product-type-simple"},"_links":{"self":[{"href":"https:\/\/grandline.200.solutions\/index.php?rest_route=\/wp\/v2\/product\/1455","targetHints":{"allow":["GET"]}}],"collection":[{"href":"https:\/\/grandline.200.solutions\/index.php?rest_route=\/wp\/v2\/product"}],"about":[{"href":"https:\/\/grandline.200.solutions\/index.php?rest_route=\/wp\/v2\/types\/product"}],"replies":[{"embeddable":true,"href":"https:\/\/grandline.200.solutions\/index.php?rest_route=%2Fwp%2Fv2%2Fcomments&post=1455"}],"wp:featuredmedia":[{"embeddable":true,"href":"https:\/\/grandline.200.solutions\/index.php?rest_route=\/wp\/v2\/media\/1456"}],"wp:attachment":[{"href":"https:\/\/grandline.200.solutions\/index.php?rest_route=%2Fwp%2Fv2%2Fmedia&parent=1455"}],"wp:term":[{"taxonomy":"product_cat","embeddable":true,"href":"https:\/\/grandline.200.solutions\/index.php?rest_route=%2Fwp%2Fv2%2Fproduct_cat&post=1455"},{"taxonomy":"product_tag","embeddable":true,"href":"https:\/\/grandline.200.solutions\/index.php?rest_route=%2Fwp%2Fv2%2Fproduct_tag&post=1455"}],"curies":[{"name":"wp","href":"https:\/\/api.w.org\/{rel}","templated":true}]}}