{"id":1421,"date":"2024-11-07T16:32:55","date_gmt":"2024-11-07T15:32:55","guid":{"rendered":"https:\/\/grandline.200.solutions\/?post_type=product&#038;p=1421"},"modified":"2024-11-13T13:18:33","modified_gmt":"2024-11-13T12:18:33","slug":"demon-slayer-noodle-stopper-figure-himejima-gyomei","status":"publish","type":"product","link":"https:\/\/grandline.200.solutions\/?product=demon-slayer-noodle-stopper-figure-himejima-gyomei","title":{"rendered":"Demon Slayer Noodle Stopper Figure Himejima Gyomei"},"content":{"rendered":"<p>Figurka <strong>Demon Slayer Noodle Stopper Figure Himejima Gyomei<\/strong> zobrazuje Gyomeie, nejsiln\u011bj\u0161\u00edho Hashiru, v klidn\u00e9, meditativn\u00ed p\u00f3ze, jak sed\u00ed se sepnut\u00fdma rukama a m\u00e1 kolem nich omotan\u00e9 kor\u00e1lky. Tato figurka je navr\u017eena tak, aby sed\u011bla na okraji misky s nudlemi, co\u017e z n\u00ed \u010din\u00ed praktick\u00fd a z\u00e1rove\u0148 dekorativn\u00ed dopln\u011bk na poli\u010dku. Je detailn\u011b propracovan\u00e1, v\u010detn\u011b jemn\u00fdch detail\u016f na jeho oble\u010den\u00ed a v\u00fdrazu, kter\u00e9 v\u011brn\u011b zachycuj\u00ed jeho vzhled z anime. Tento sb\u011bratelsk\u00fd kousek je ide\u00e1ln\u00ed pro ka\u017ed\u00e9ho fanou\u0161ka t\u00e9to anime s\u00e9rie.<\/p>\n<p><strong>Vlastnosti:<\/strong><\/p>\n<p>V\u00fd\u0161ka &#8211; 15 cm<\/p>\n<p>Materi\u00e1l &#8211; PVC<\/p>\n<p>Detailn\u00ed proveden\u00ed<\/p>\n<p>Sb\u011bratelsk\u00e1 edice<\/p>\n","protected":false},"excerpt":{"rendered":"<p>Figurka <strong>Demon Slayer Noodle Stopper Figure Himejima Gyomei<\/strong> zobrazuje Gyomeie, nejsiln\u011bj\u0161\u00edho Hashiru, v klidn\u00e9, meditativn\u00ed p\u00f3ze, jak sed\u00ed se sepnut\u00fdma rukama a m\u00e1 kolem nich omotan\u00e9 kor\u00e1lky. Tato figurka je navr\u017eena tak, aby sed\u011bla na okraji misky s nudlemi, co\u017e z n\u00ed \u010din\u00ed praktick\u00fd a z\u00e1rove\u0148 dekorativn\u00ed dopln\u011bk na poli\u010dku. Je detailn\u011b propracovan\u00e1, v\u010detn\u011b jemn\u00fdch detail\u016f na jeho oble\u010den\u00ed a v\u00fdrazu, kter\u00e9 v\u011brn\u011b zachycuj\u00ed jeho vzhled z anime. Tento sb\u011bratelsk\u00fd kousek je ide\u00e1ln\u00ed pro ka\u017ed\u00e9ho fanou\u0161ka t\u00e9to anime s\u00e9rie.<\/p>\n","protected":false},"featured_media":2666,"comment_status":"open","ping_status":"closed","template":"","meta":{"inline_featured_image":false},"product_cat":[45,60,93],"product_tag":[],"class_list":{"0":"post-1421","1":"product","2":"type-product","3":"status-publish","4":"has-post-thumbnail","6":"product_cat-demon-slayer","7":"product_cat-figurky","8":"product_cat-furyu","10":"first","11":"instock","12":"shipping-taxable","13":"purchasable","14":"product-type-simple"},"_links":{"self":[{"href":"https:\/\/grandline.200.solutions\/index.php?rest_route=\/wp\/v2\/product\/1421","targetHints":{"allow":["GET"]}}],"collection":[{"href":"https:\/\/grandline.200.solutions\/index.php?rest_route=\/wp\/v2\/product"}],"about":[{"href":"https:\/\/grandline.200.solutions\/index.php?rest_route=\/wp\/v2\/types\/product"}],"replies":[{"embeddable":true,"href":"https:\/\/grandline.200.solutions\/index.php?rest_route=%2Fwp%2Fv2%2Fcomments&post=1421"}],"wp:featuredmedia":[{"embeddable":true,"href":"https:\/\/grandline.200.solutions\/index.php?rest_route=\/wp\/v2\/media\/2666"}],"wp:attachment":[{"href":"https:\/\/grandline.200.solutions\/index.php?rest_route=%2Fwp%2Fv2%2Fmedia&parent=1421"}],"wp:term":[{"taxonomy":"product_cat","embeddable":true,"href":"https:\/\/grandline.200.solutions\/index.php?rest_route=%2Fwp%2Fv2%2Fproduct_cat&post=1421"},{"taxonomy":"product_tag","embeddable":true,"href":"https:\/\/grandline.200.solutions\/index.php?rest_route=%2Fwp%2Fv2%2Fproduct_tag&post=1421"}],"curies":[{"name":"wp","href":"https:\/\/api.w.org\/{rel}","templated":true}]}}