{"id":1382,"date":"2024-11-07T15:45:18","date_gmt":"2024-11-07T14:45:18","guid":{"rendered":"https:\/\/grandline.200.solutions\/?post_type=product&#038;p=1382"},"modified":"2024-11-13T13:12:34","modified_gmt":"2024-11-13T12:12:34","slug":"demon-slayer-figurizm-alpha-onika-shinkouji-ver-kamado-nezuko","status":"publish","type":"product","link":"https:\/\/grandline.200.solutions\/?product=demon-slayer-figurizm-alpha-onika-shinkouji-ver-kamado-nezuko","title":{"rendered":"Demon Slayer Figurizm Alpha Onika Shinkouji Ver. Kamado Nezuko"},"content":{"rendered":"<p>Figurka<strong> Demon Slayer Figurizm Alpha Onika Shinkouji Ver. Kamado Nezuko<\/strong> zobrazuje Nezuko v jej\u00ed ak\u010dn\u00ed d\u00e9monick\u00e9 podob\u011b, p\u0159ipraven\u00e1 k boji, s v\u00fdrazn\u00fdmi detaily jako jsou jej\u00ed r\u016f\u017eov\u00e9 o\u010di. Tato figurka je pe\u010dliv\u011b vypracovan\u00e1 a v\u011brn\u011b zachycuje jej\u00ed vzhled z anime. Tento sb\u011bratelsk\u00fd kousek je ide\u00e1ln\u00ed pro ka\u017ed\u00e9ho fanou\u0161ka Demon Slayer, kter\u00fd chce m\u00edt ve sv\u00e9 sb\u00edrce n\u011bco opravdu v\u00fdjime\u010dn\u00e9ho.<\/p>\n<p><strong>Vlastnosti:<\/strong><\/p>\n<p>V\u00fd\u0161ka &#8211; 21 cm<\/p>\n<p>Materi\u00e1l &#8211; PVC<\/p>\n<p>Detailn\u00ed proveden\u00ed<\/p>\n<p>Sb\u011bratelsk\u00e1 edice<\/p>\n<p>&nbsp;<\/p>\n","protected":false},"excerpt":{"rendered":"<p>Figurka<strong> Demon Slayer Figurizm Alpha Onika Shinkouji Ver. Kamado Nezuko<\/strong> zobrazuje Nezuko v jej\u00ed ak\u010dn\u00ed d\u00e9monick\u00e9 podob\u011b, p\u0159ipraven\u00e1 k boji, s v\u00fdrazn\u00fdmi detaily jako jsou jej\u00ed r\u016f\u017eov\u00e9 o\u010di. Tato figurka je pe\u010dliv\u011b vypracovan\u00e1 a v\u011brn\u011b zachycuje jej\u00ed vzhled z anime. Tento sb\u011bratelsk\u00fd kousek je ide\u00e1ln\u00ed pro ka\u017ed\u00e9ho fanou\u0161ka Demon Slayer, kter\u00fd chce m\u00edt ve sv\u00e9 sb\u00edrce n\u011bco opravdu v\u00fdjime\u010dn\u00e9ho.<\/p>\n","protected":false},"featured_media":1383,"comment_status":"open","ping_status":"closed","template":"","meta":{"inline_featured_image":false},"product_cat":[45,60,94],"product_tag":[],"class_list":{"0":"post-1382","1":"product","2":"type-product","3":"status-publish","4":"has-post-thumbnail","6":"product_cat-demon-slayer","7":"product_cat-figurky","8":"product_cat-sega","10":"first","11":"instock","12":"shipping-taxable","13":"purchasable","14":"product-type-simple"},"_links":{"self":[{"href":"https:\/\/grandline.200.solutions\/index.php?rest_route=\/wp\/v2\/product\/1382","targetHints":{"allow":["GET"]}}],"collection":[{"href":"https:\/\/grandline.200.solutions\/index.php?rest_route=\/wp\/v2\/product"}],"about":[{"href":"https:\/\/grandline.200.solutions\/index.php?rest_route=\/wp\/v2\/types\/product"}],"replies":[{"embeddable":true,"href":"https:\/\/grandline.200.solutions\/index.php?rest_route=%2Fwp%2Fv2%2Fcomments&post=1382"}],"wp:featuredmedia":[{"embeddable":true,"href":"https:\/\/grandline.200.solutions\/index.php?rest_route=\/wp\/v2\/media\/1383"}],"wp:attachment":[{"href":"https:\/\/grandline.200.solutions\/index.php?rest_route=%2Fwp%2Fv2%2Fmedia&parent=1382"}],"wp:term":[{"taxonomy":"product_cat","embeddable":true,"href":"https:\/\/grandline.200.solutions\/index.php?rest_route=%2Fwp%2Fv2%2Fproduct_cat&post=1382"},{"taxonomy":"product_tag","embeddable":true,"href":"https:\/\/grandline.200.solutions\/index.php?rest_route=%2Fwp%2Fv2%2Fproduct_tag&post=1382"}],"curies":[{"name":"wp","href":"https:\/\/api.w.org\/{rel}","templated":true}]}}