{"id":1376,"date":"2024-11-07T15:38:51","date_gmt":"2024-11-07T14:38:51","guid":{"rendered":"https:\/\/grandline.200.solutions\/?post_type=product&#038;p=1376"},"modified":"2024-11-13T13:12:48","modified_gmt":"2024-11-13T12:12:48","slug":"demon-slayer-vibration-stars-tokito-muichiro","status":"publish","type":"product","link":"https:\/\/grandline.200.solutions\/?product=demon-slayer-vibration-stars-tokito-muichiro","title":{"rendered":"Demon Slayer Vibration Stars Tokito Muichiro"},"content":{"rendered":"<p>Figurka <strong>Demon Slayer Vibration Stars Tokito Muichiro<\/strong> zobrazuje Muichira, Ml\u017en\u00e9ho Hashiru, v dynamick\u00e9 bojov\u00e9 p\u00f3ze s tasen\u00fdm me\u010dem. Tato figurka je pe\u010dliv\u011b vypracovan\u00e1, s d\u016frazem na detaily jeho oble\u010den\u00ed a v\u00fdrazu. Tento sb\u011bratelsk\u00fd kousek by nem\u011bl chyb\u011bt ve sb\u00edrce \u017e\u00e1dn\u00e9ho fanou\u0161ka s\u00e9rie.<\/p>\n<p><strong>Vlastnosti:<\/strong><\/p>\n<p>V\u00fd\u0161ka &#8211; 10 cm<\/p>\n<p>Materi\u00e1l &#8211; PVC<\/p>\n<p>Detailn\u00ed proveden\u00ed<\/p>\n<p>Sb\u011bratelsk\u00e1 edice<\/p>\n","protected":false},"excerpt":{"rendered":"<p>Figurka <strong>Demon Slayer Vibration Stars Tokito Muichiro<\/strong> zobrazuje Muichira, Ml\u017en\u00e9ho Hashiru, v dynamick\u00e9 bojov\u00e9 p\u00f3ze s tasen\u00fdm me\u010dem. Tato figurka je pe\u010dliv\u011b vypracovan\u00e1, s d\u016frazem na detaily jeho oble\u010den\u00ed a v\u00fdrazu. Tento sb\u011bratelsk\u00fd kousek by nem\u011bl chyb\u011bt ve sb\u00edrce \u017e\u00e1dn\u00e9ho fanou\u0161ka s\u00e9rie.<\/p>\n<p>&nbsp;<\/p>\n","protected":false},"featured_media":1377,"comment_status":"open","ping_status":"closed","template":"","meta":{"inline_featured_image":false},"product_cat":[77,45,60],"product_tag":[],"class_list":{"0":"post-1376","1":"product","2":"type-product","3":"status-publish","4":"has-post-thumbnail","6":"product_cat-bandai-spirits","7":"product_cat-demon-slayer","8":"product_cat-figurky","10":"first","11":"instock","12":"shipping-taxable","13":"purchasable","14":"product-type-simple"},"_links":{"self":[{"href":"https:\/\/grandline.200.solutions\/index.php?rest_route=\/wp\/v2\/product\/1376","targetHints":{"allow":["GET"]}}],"collection":[{"href":"https:\/\/grandline.200.solutions\/index.php?rest_route=\/wp\/v2\/product"}],"about":[{"href":"https:\/\/grandline.200.solutions\/index.php?rest_route=\/wp\/v2\/types\/product"}],"replies":[{"embeddable":true,"href":"https:\/\/grandline.200.solutions\/index.php?rest_route=%2Fwp%2Fv2%2Fcomments&post=1376"}],"wp:featuredmedia":[{"embeddable":true,"href":"https:\/\/grandline.200.solutions\/index.php?rest_route=\/wp\/v2\/media\/1377"}],"wp:attachment":[{"href":"https:\/\/grandline.200.solutions\/index.php?rest_route=%2Fwp%2Fv2%2Fmedia&parent=1376"}],"wp:term":[{"taxonomy":"product_cat","embeddable":true,"href":"https:\/\/grandline.200.solutions\/index.php?rest_route=%2Fwp%2Fv2%2Fproduct_cat&post=1376"},{"taxonomy":"product_tag","embeddable":true,"href":"https:\/\/grandline.200.solutions\/index.php?rest_route=%2Fwp%2Fv2%2Fproduct_tag&post=1376"}],"curies":[{"name":"wp","href":"https:\/\/api.w.org\/{rel}","templated":true}]}}