{"id":1355,"date":"2024-11-07T14:51:17","date_gmt":"2024-11-07T13:51:17","guid":{"rendered":"https:\/\/grandline.200.solutions\/?post_type=product&#038;p=1355"},"modified":"2024-11-13T12:54:19","modified_gmt":"2024-11-13T11:54:19","slug":"demon-slayer-eternal-calendar-kamado-nezuko","status":"publish","type":"product","link":"https:\/\/grandline.200.solutions\/?product=demon-slayer-eternal-calendar-kamado-nezuko","title":{"rendered":"Demon Slayer Eternal Calendar Kamado Nezuko"},"content":{"rendered":"<p>Kalend\u00e1\u0159 <strong>Demon Slayer Eternal Calendar Kamado Nezuko<\/strong> zobrazuje Nezuko, jak vykukuje ze sv\u00e9 krabice, ve kter\u00e9 ji nos\u00ed jej\u00ed bratr Tanjiro. Kalend\u00e1\u0159 umo\u017e\u0148uje snadn\u00e9 nastaven\u00ed data pomoc\u00ed oto\u010dn\u00fdch blok\u016f, co\u017e z n\u011bj \u010din\u00ed praktick\u00fd a dekorativn\u00ed dopln\u011bk nejen pro fanou\u0161ky anime s\u00e9rie.<\/p>\n<p><strong>Vlastnosti:<\/strong><\/p>\n<p>V\u00fd\u0161ka &#8211; 14 cm<\/p>\n<p>Materi\u00e1l &#8211; PVC<\/p>\n<p>Detailn\u00ed proveden\u00ed<\/p>\n<p>Kalend\u00e1\u0159<\/p>\n","protected":false},"excerpt":{"rendered":"<p>Kalend\u00e1\u0159 <strong>Demon Slayer Eternal Calendar Kamado Nezuko<\/strong> zobrazuje Nezuko, jak vykukuje ze sv\u00e9 krabice, ve kter\u00e9 ji nos\u00ed jej\u00ed bratr Tanjiro. Kalend\u00e1\u0159 umo\u017e\u0148uje snadn\u00e9 nastaven\u00ed data pomoc\u00ed oto\u010dn\u00fdch blok\u016f, co\u017e z n\u011bj \u010din\u00ed praktick\u00fd a dekorativn\u00ed dopln\u011bk nejen pro fanou\u0161ky anime s\u00e9rie.<\/p>\n","protected":false},"featured_media":2584,"comment_status":"open","ping_status":"closed","template":"","meta":{"inline_featured_image":false},"product_cat":[45,60,95],"product_tag":[],"class_list":{"0":"post-1355","1":"product","2":"type-product","3":"status-publish","4":"has-post-thumbnail","6":"product_cat-demon-slayer","7":"product_cat-figurky","8":"product_cat-taito","10":"first","11":"instock","12":"shipping-taxable","13":"purchasable","14":"product-type-simple"},"_links":{"self":[{"href":"https:\/\/grandline.200.solutions\/index.php?rest_route=\/wp\/v2\/product\/1355","targetHints":{"allow":["GET"]}}],"collection":[{"href":"https:\/\/grandline.200.solutions\/index.php?rest_route=\/wp\/v2\/product"}],"about":[{"href":"https:\/\/grandline.200.solutions\/index.php?rest_route=\/wp\/v2\/types\/product"}],"replies":[{"embeddable":true,"href":"https:\/\/grandline.200.solutions\/index.php?rest_route=%2Fwp%2Fv2%2Fcomments&post=1355"}],"wp:featuredmedia":[{"embeddable":true,"href":"https:\/\/grandline.200.solutions\/index.php?rest_route=\/wp\/v2\/media\/2584"}],"wp:attachment":[{"href":"https:\/\/grandline.200.solutions\/index.php?rest_route=%2Fwp%2Fv2%2Fmedia&parent=1355"}],"wp:term":[{"taxonomy":"product_cat","embeddable":true,"href":"https:\/\/grandline.200.solutions\/index.php?rest_route=%2Fwp%2Fv2%2Fproduct_cat&post=1355"},{"taxonomy":"product_tag","embeddable":true,"href":"https:\/\/grandline.200.solutions\/index.php?rest_route=%2Fwp%2Fv2%2Fproduct_tag&post=1355"}],"curies":[{"name":"wp","href":"https:\/\/api.w.org\/{rel}","templated":true}]}}