{"id":1308,"date":"2024-11-07T12:00:31","date_gmt":"2024-11-07T11:00:31","guid":{"rendered":"https:\/\/grandline.200.solutions\/?post_type=product&#038;p=1308"},"modified":"2024-11-13T12:53:42","modified_gmt":"2024-11-13T11:53:42","slug":"death-note-light-ryuk-svicka","status":"publish","type":"product","link":"https:\/\/grandline.200.solutions\/?product=death-note-light-ryuk-svicka","title":{"rendered":"Death Note Light &#038; Ryuk Sv\u00ed\u010dka"},"content":{"rendered":"<p>Sv\u00ed\u010dka <strong>Death Note Light &amp; Ryuk<\/strong> je ofici\u00e1ln\u011b licencovan\u00fd produkt inspirovan\u00fd temnou atmosf\u00e9rou s\u00e9rie Death Note. Tato sv\u00ed\u010dka je vyrobena ze s\u00f3jov\u00e9ho vosku (bez v\u016fn\u011b) a je um\u00edst\u011bna ve sklen\u011bn\u00e9 n\u00e1dob\u011b, kter\u00e1 zobrazuje Lighta Yagamiho a Ryuka spolu s n\u00e1pisem &#8222;Death Note &#8211; The human whose name is written in this note shall die&#8220;. Je to skv\u011bl\u00fd dopln\u011bk pro ka\u017ed\u00e9ho fanou\u0161ka Death Note, kter\u00fd chce p\u0159idat do sv\u00e9 sb\u00edrky n\u011bco opravdu jedine\u010dn\u00e9ho.<\/p>\n<p><b>Vlastnosti:\u00a0<\/b><\/p>\n<p><span style=\"font-weight: 400;\">V\u00fd\u0161ka &#8211; 9 cm<\/span><\/p>\n<p><span style=\"font-weight: 400;\">Pr\u016fm\u011br &#8211; 8 cm<\/span><\/p>\n<p><span style=\"font-weight: 400;\">A\u017e 30 hodin ho\u0159en\u00ed<\/span><\/p>\n","protected":false},"excerpt":{"rendered":"<p>Sv\u00ed\u010dka <strong>Death Note Light &amp; Ryuk<\/strong> je ofici\u00e1ln\u011b licencovan\u00fd produkt inspirovan\u00fd temnou atmosf\u00e9rou s\u00e9rie Death Note. Tato sv\u00ed\u010dka je vyrobena ze s\u00f3jov\u00e9ho vosku (bez v\u016fn\u011b) a je um\u00edst\u011bna ve sklen\u011bn\u00e9 n\u00e1dob\u011b, kter\u00e1 zobrazuje Lighta Yagamiho a Ryuka spolu s n\u00e1pisem &#8222;Death Note &#8211; The human whose name is written in this note shall die&#8220;. Je to skv\u011bl\u00fd dopln\u011bk pro ka\u017ed\u00e9ho fanou\u0161ka Death Note, kter\u00fd chce p\u0159idat do sv\u00e9 sb\u00edrky n\u011bco opravdu jedine\u010dn\u00e9ho.<\/p>\n","protected":false},"featured_media":1310,"comment_status":"open","ping_status":"closed","template":"","meta":{"inline_featured_image":false},"product_cat":[76,38,44,68],"product_tag":[],"class_list":{"0":"post-1308","1":"product","2":"type-product","3":"status-publish","4":"has-post-thumbnail","6":"product_cat-abystyle","7":"product_cat-anime","8":"product_cat-death-note","9":"product_cat-dekorace","11":"first","12":"instock","13":"shipping-taxable","14":"purchasable","15":"product-type-simple"},"_links":{"self":[{"href":"https:\/\/grandline.200.solutions\/index.php?rest_route=\/wp\/v2\/product\/1308","targetHints":{"allow":["GET"]}}],"collection":[{"href":"https:\/\/grandline.200.solutions\/index.php?rest_route=\/wp\/v2\/product"}],"about":[{"href":"https:\/\/grandline.200.solutions\/index.php?rest_route=\/wp\/v2\/types\/product"}],"replies":[{"embeddable":true,"href":"https:\/\/grandline.200.solutions\/index.php?rest_route=%2Fwp%2Fv2%2Fcomments&post=1308"}],"wp:featuredmedia":[{"embeddable":true,"href":"https:\/\/grandline.200.solutions\/index.php?rest_route=\/wp\/v2\/media\/1310"}],"wp:attachment":[{"href":"https:\/\/grandline.200.solutions\/index.php?rest_route=%2Fwp%2Fv2%2Fmedia&parent=1308"}],"wp:term":[{"taxonomy":"product_cat","embeddable":true,"href":"https:\/\/grandline.200.solutions\/index.php?rest_route=%2Fwp%2Fv2%2Fproduct_cat&post=1308"},{"taxonomy":"product_tag","embeddable":true,"href":"https:\/\/grandline.200.solutions\/index.php?rest_route=%2Fwp%2Fv2%2Fproduct_tag&post=1308"}],"curies":[{"name":"wp","href":"https:\/\/api.w.org\/{rel}","templated":true}]}}