{"id":1201,"date":"2024-11-07T00:28:29","date_gmt":"2024-11-06T23:28:29","guid":{"rendered":"https:\/\/grandline.200.solutions\/?post_type=product&#038;p=1201"},"modified":"2024-11-13T12:27:44","modified_gmt":"2024-11-13T11:27:44","slug":"spy-x-family-a-double-family-plakat","status":"publish","type":"product","link":"https:\/\/grandline.200.solutions\/?product=spy-x-family-a-double-family-plakat","title":{"rendered":"Spy \u00d7 Family A double family Plak\u00e1t"},"content":{"rendered":"<p><span style=\"font-weight: 400;\">Sada plak\u00e1t\u016f <\/span><b>Spy \u00d7 Family A double family<\/b><span style=\"font-weight: 400;\"> obsahuje dva plak\u00e1ty z anime Spy \u00d7 Family. Tyto plak\u00e1ty zobrazuj\u00ed rodinu Forgerov\u00fdch v jejich ka\u017edodenn\u00edch situac\u00edch, co\u017e p\u0159in\u00e1\u0161\u00ed do va\u0161eho prostoru trochu hravosti a kouzla. Jsou ide\u00e1ln\u00edm dopl\u0148kem pro ka\u017ed\u00e9ho fanou\u0161ka Spy \u00d7 Family.<\/span><\/p>\n<p><b>Vlastnosti:\u00a0<\/b><\/p>\n<p><span style=\"font-weight: 400;\">V\u00fd\u0161ka &#8211; 52 cm<\/span><\/p>\n<p><span style=\"font-weight: 400;\">\u0160\u00ed\u0159ka &#8211; 38 cm<\/span><\/p>\n<p><span style=\"font-weight: 400;\">Set dvou plak\u00e1t\u016f<\/span><\/p>\n","protected":false},"excerpt":{"rendered":"<p><span style=\"font-weight: 400;\">Sada plak\u00e1t\u016f <\/span><b>Spy \u00d7 Family A double family<\/b><span style=\"font-weight: 400;\"> obsahuje dva plak\u00e1ty z anime Spy \u00d7 Family. Tyto plak\u00e1ty zobrazuj\u00ed rodinu Forgerov\u00fdch v jejich ka\u017edodenn\u00edch situac\u00edch, co\u017e p\u0159in\u00e1\u0161\u00ed do va\u0161eho prostoru trochu hravosti a kouzla. Jsou ide\u00e1ln\u00edm dopl\u0148kem pro ka\u017ed\u00e9ho fanou\u0161ka Spy \u00d7 Family.<\/span><\/p>\n","protected":false},"featured_media":1205,"comment_status":"open","ping_status":"closed","template":"","meta":{"inline_featured_image":false},"product_cat":[76,59,85],"product_tag":[],"class_list":{"0":"post-1201","1":"product","2":"type-product","3":"status-publish","4":"has-post-thumbnail","6":"product_cat-abystyle","7":"product_cat-plakaty","8":"product_cat-spy-x-family","10":"first","11":"instock","12":"shipping-taxable","13":"purchasable","14":"product-type-simple"},"_links":{"self":[{"href":"https:\/\/grandline.200.solutions\/index.php?rest_route=\/wp\/v2\/product\/1201","targetHints":{"allow":["GET"]}}],"collection":[{"href":"https:\/\/grandline.200.solutions\/index.php?rest_route=\/wp\/v2\/product"}],"about":[{"href":"https:\/\/grandline.200.solutions\/index.php?rest_route=\/wp\/v2\/types\/product"}],"replies":[{"embeddable":true,"href":"https:\/\/grandline.200.solutions\/index.php?rest_route=%2Fwp%2Fv2%2Fcomments&post=1201"}],"wp:featuredmedia":[{"embeddable":true,"href":"https:\/\/grandline.200.solutions\/index.php?rest_route=\/wp\/v2\/media\/1205"}],"wp:attachment":[{"href":"https:\/\/grandline.200.solutions\/index.php?rest_route=%2Fwp%2Fv2%2Fmedia&parent=1201"}],"wp:term":[{"taxonomy":"product_cat","embeddable":true,"href":"https:\/\/grandline.200.solutions\/index.php?rest_route=%2Fwp%2Fv2%2Fproduct_cat&post=1201"},{"taxonomy":"product_tag","embeddable":true,"href":"https:\/\/grandline.200.solutions\/index.php?rest_route=%2Fwp%2Fv2%2Fproduct_tag&post=1201"}],"curies":[{"name":"wp","href":"https:\/\/api.w.org\/{rel}","templated":true}]}}