{"id":1134,"date":"2024-11-06T23:58:38","date_gmt":"2024-11-06T22:58:38","guid":{"rendered":"https:\/\/grandline.200.solutions\/?post_type=product&#038;p=1134"},"modified":"2024-11-13T12:25:44","modified_gmt":"2024-11-13T11:25:44","slug":"spy-x-family-pm-figure-shifuku-yor-forger","status":"publish","type":"product","link":"https:\/\/grandline.200.solutions\/?product=spy-x-family-pm-figure-shifuku-yor-forger","title":{"rendered":"Spy \u00d7 Family PM Figure Shifuku Yor Forger"},"content":{"rendered":"<p><span style=\"font-weight: 400;\">Figurka <\/span><b>Spy \u00d7 Family PM Figure Shifuku Yor Forger<\/b><span style=\"font-weight: 400;\"> zobrazuje Yor Forger v jej\u00edm elegantn\u00edm civiln\u00edm oble\u010den\u00ed. Tato figurka zachycuje Yor v klidn\u00e9 a uvoln\u011bn\u00e9 p\u00f3ze, kter\u00e1 zd\u016fraz\u0148uje jej\u00ed jemnou a p\u0159\u00e1telskou str\u00e1nku. Je detailn\u011b propracovan\u00e1, v\u010detn\u011b jemn\u00fdch detail\u016f na jej\u00edm oble\u010den\u00ed a v\u00fdrazu. Tento kousek je perfektn\u00edm dopl\u0148kem pro ka\u017ed\u00e9ho fanou\u0161ka Spy \u00d7 Family.<\/span><\/p>\n<p><b>Vlastnosti:\u00a0<\/b><\/p>\n<p><span style=\"font-weight: 400;\">V\u00fd\u0161ka &#8211; 19 cm<\/span><\/p>\n<p><span style=\"font-weight: 400;\">Materi\u00e1l &#8211; PVC<\/span><\/p>\n<p><span style=\"font-weight: 400;\">Detailn\u00ed proveden\u00ed<\/span><\/p>\n<p><span style=\"font-weight: 400;\">Sb\u011bratelsk\u00e1 edice<\/span><\/p>\n","protected":false},"excerpt":{"rendered":"<p><span style=\"font-weight: 400;\">Figurka <\/span><b>Spy \u00d7 Family PM Figure Shifuku Yor Forger<\/b><span style=\"font-weight: 400;\"> zobrazuje Yor Forger v jej\u00edm elegantn\u00edm civiln\u00edm oble\u010den\u00ed. Tato figurka zachycuje Yor v klidn\u00e9 a uvoln\u011bn\u00e9 p\u00f3ze, kter\u00e1 zd\u016fraz\u0148uje jej\u00ed jemnou a p\u0159\u00e1telskou str\u00e1nku. Je detailn\u011b propracovan\u00e1, v\u010detn\u011b jemn\u00fdch detail\u016f na jej\u00edm oble\u010den\u00ed a v\u00fdrazu. Tento kousek je perfektn\u00edm dopl\u0148kem pro ka\u017ed\u00e9ho fanou\u0161ka Spy \u00d7 Family.<\/span><\/p>\n","protected":false},"featured_media":1142,"comment_status":"open","ping_status":"closed","template":"","meta":{"inline_featured_image":false},"product_cat":[60,94,85],"product_tag":[],"class_list":{"0":"post-1134","1":"product","2":"type-product","3":"status-publish","4":"has-post-thumbnail","6":"product_cat-figurky","7":"product_cat-sega","8":"product_cat-spy-x-family","10":"first","11":"instock","12":"shipping-taxable","13":"purchasable","14":"product-type-simple"},"_links":{"self":[{"href":"https:\/\/grandline.200.solutions\/index.php?rest_route=\/wp\/v2\/product\/1134","targetHints":{"allow":["GET"]}}],"collection":[{"href":"https:\/\/grandline.200.solutions\/index.php?rest_route=\/wp\/v2\/product"}],"about":[{"href":"https:\/\/grandline.200.solutions\/index.php?rest_route=\/wp\/v2\/types\/product"}],"replies":[{"embeddable":true,"href":"https:\/\/grandline.200.solutions\/index.php?rest_route=%2Fwp%2Fv2%2Fcomments&post=1134"}],"wp:featuredmedia":[{"embeddable":true,"href":"https:\/\/grandline.200.solutions\/index.php?rest_route=\/wp\/v2\/media\/1142"}],"wp:attachment":[{"href":"https:\/\/grandline.200.solutions\/index.php?rest_route=%2Fwp%2Fv2%2Fmedia&parent=1134"}],"wp:term":[{"taxonomy":"product_cat","embeddable":true,"href":"https:\/\/grandline.200.solutions\/index.php?rest_route=%2Fwp%2Fv2%2Fproduct_cat&post=1134"},{"taxonomy":"product_tag","embeddable":true,"href":"https:\/\/grandline.200.solutions\/index.php?rest_route=%2Fwp%2Fv2%2Fproduct_tag&post=1134"}],"curies":[{"name":"wp","href":"https:\/\/api.w.org\/{rel}","templated":true}]}}