{"id":1131,"date":"2024-11-06T23:50:14","date_gmt":"2024-11-06T22:50:14","guid":{"rendered":"https:\/\/grandline.200.solutions\/?post_type=product&#038;p=1131"},"modified":"2024-11-13T12:25:23","modified_gmt":"2024-11-13T11:25:23","slug":"the-seven-deadly-sins-mix-placky","status":"publish","type":"product","link":"https:\/\/grandline.200.solutions\/?product=the-seven-deadly-sins-mix-placky","title":{"rendered":"The Seven Deadly Sins Mix Placky"},"content":{"rendered":"<p><span style=\"font-weight: 400;\">Sada placek<\/span><b> The Seven Deadly Sins Mix<\/b><span style=\"font-weight: 400;\"> obsahuje \u0161est placek s motivy postav z anime The Seven Deadly Sins. V t\u00e9to sad\u011b najdete placky s Elizabeth, Banem, Kingem, Meliodasem a Hawkem. Tyto placky jsou skv\u011bl\u00fdm dopl\u0148kem pro ka\u017ed\u00e9ho fanou\u0161ka s\u00e9rie, kter\u00fd chce m\u00edt sv\u00e9 obl\u00edben\u00e9 postavy st\u00e1le u sebe.<\/span><\/p>\n<p>&nbsp;<\/p>\n<p><b>Vlastnosti:\u00a0<\/b><\/p>\n<p><span style=\"font-weight: 400;\">Velikost &#8211; 4 placky o pr\u016fm\u011bru 2,5 cm,<\/span><span style=\"font-weight: 400;\">\u00a02 placky o pr\u016fm\u011bru 3,2 cm<\/span><\/p>\n","protected":false},"excerpt":{"rendered":"<p><span style=\"font-weight: 400;\">Sada placek<\/span><b> The Seven Deadly Sins Mix<\/b><span style=\"font-weight: 400;\"> obsahuje \u0161est placek s motivy postav z anime The Seven Deadly Sins. V t\u00e9to sad\u011b najdete placky s Elizabeth, Banem, Kingem, Meliodasem a Hawkem. Tyto placky jsou skv\u011bl\u00fdm dopl\u0148kem pro ka\u017ed\u00e9ho fanou\u0161ka s\u00e9rie, kter\u00fd chce m\u00edt sv\u00e9 obl\u00edben\u00e9 postavy st\u00e1le u sebe.<\/span><\/p>\n","protected":false},"featured_media":1133,"comment_status":"open","ping_status":"closed","template":"","meta":{"inline_featured_image":false},"product_cat":[76,62,84],"product_tag":[],"class_list":{"0":"post-1131","1":"product","2":"type-product","3":"status-publish","4":"has-post-thumbnail","6":"product_cat-abystyle","7":"product_cat-odznacky","8":"product_cat-the-seven-deadly-sins","10":"first","11":"instock","12":"shipping-taxable","13":"purchasable","14":"product-type-simple"},"_links":{"self":[{"href":"https:\/\/grandline.200.solutions\/index.php?rest_route=\/wp\/v2\/product\/1131","targetHints":{"allow":["GET"]}}],"collection":[{"href":"https:\/\/grandline.200.solutions\/index.php?rest_route=\/wp\/v2\/product"}],"about":[{"href":"https:\/\/grandline.200.solutions\/index.php?rest_route=\/wp\/v2\/types\/product"}],"replies":[{"embeddable":true,"href":"https:\/\/grandline.200.solutions\/index.php?rest_route=%2Fwp%2Fv2%2Fcomments&post=1131"}],"wp:featuredmedia":[{"embeddable":true,"href":"https:\/\/grandline.200.solutions\/index.php?rest_route=\/wp\/v2\/media\/1133"}],"wp:attachment":[{"href":"https:\/\/grandline.200.solutions\/index.php?rest_route=%2Fwp%2Fv2%2Fmedia&parent=1131"}],"wp:term":[{"taxonomy":"product_cat","embeddable":true,"href":"https:\/\/grandline.200.solutions\/index.php?rest_route=%2Fwp%2Fv2%2Fproduct_cat&post=1131"},{"taxonomy":"product_tag","embeddable":true,"href":"https:\/\/grandline.200.solutions\/index.php?rest_route=%2Fwp%2Fv2%2Fproduct_tag&post=1131"}],"curies":[{"name":"wp","href":"https:\/\/api.w.org\/{rel}","templated":true}]}}