{"id":1115,"date":"2024-11-06T23:45:44","date_gmt":"2024-11-06T22:45:44","guid":{"rendered":"https:\/\/grandline.200.solutions\/?post_type=product&#038;p=1115"},"modified":"2024-11-13T12:21:41","modified_gmt":"2024-11-13T11:21:41","slug":"sword-art-online-figurizma-alpha-asuna","status":"publish","type":"product","link":"https:\/\/grandline.200.solutions\/?product=sword-art-online-figurizma-alpha-asuna","title":{"rendered":"Sword Art Online Figurizma Alpha Asuna"},"content":{"rendered":"<p><span style=\"font-weight: 400;\">Figurka <\/span><b>Sword Art Online Figurizma Alpha Asuna<\/b> <span style=\"font-weight: 400;\">zobrazuje Asunu v jej\u00ed ikonick\u00e9 podob\u011b. Asuna je zde zachycena v dynamick\u00e9 bojov\u00e9 p\u00f3ze, jak dr\u017e\u00ed sv\u016fj me\u010d a p\u0159ipravuje se k boji. Jej\u00ed v\u00fdraz na tv\u00e1\u0159i a detaily na oble\u010den\u00ed jsou velmi propracovan\u00e9, co\u017e dod\u00e1v\u00e1 figurce realistick\u00fd vzhled. Tento sb\u011bratelsk\u00fd kousek je skv\u011bl\u00fdm dopl\u0148kem pro ka\u017ed\u00e9ho fanou\u0161ka s\u00e9rie Sword Art Online.<\/span><\/p>\n<p><b>Vlastnosti:\u00a0<\/b><\/p>\n<p><span style=\"font-weight: 400;\">V\u00fd\u0161ka &#8211; 21 cm<\/span><\/p>\n<p><span style=\"font-weight: 400;\">Materi\u00e1l &#8211; PVC<\/span><\/p>\n<p><span style=\"font-weight: 400;\">Detailn\u00ed proveden\u00ed<\/span><\/p>\n<p><span style=\"font-weight: 400;\">Sb\u011bratelsk\u00e1 edice<\/span><\/p>\n","protected":false},"excerpt":{"rendered":"<p><span style=\"font-weight: 400;\">Figurka <\/span><b>Sword Art Online Figurizma Alpha Asuna<\/b> <span style=\"font-weight: 400;\">zobrazuje Asunu v jej\u00ed ikonick\u00e9 podob\u011b. Asuna je zde zachycena v dynamick\u00e9 bojov\u00e9 p\u00f3ze, jak dr\u017e\u00ed sv\u016fj me\u010d a p\u0159ipravuje se k boji. Jej\u00ed v\u00fdraz na tv\u00e1\u0159i a detaily na oble\u010den\u00ed jsou velmi propracovan\u00e9, co\u017e dod\u00e1v\u00e1 figurce realistick\u00fd vzhled. Tento sb\u011bratelsk\u00fd kousek je skv\u011bl\u00fdm dopl\u0148kem pro ka\u017ed\u00e9ho fanou\u0161ka s\u00e9rie Sword Art Online.<\/span><\/p>\n","protected":false},"featured_media":1122,"comment_status":"open","ping_status":"closed","template":"","meta":{"inline_featured_image":false},"product_cat":[60,94,83],"product_tag":[],"class_list":{"0":"post-1115","1":"product","2":"type-product","3":"status-publish","4":"has-post-thumbnail","6":"product_cat-figurky","7":"product_cat-sega","8":"product_cat-sword-art-online","10":"first","11":"instock","12":"shipping-taxable","13":"purchasable","14":"product-type-simple"},"_links":{"self":[{"href":"https:\/\/grandline.200.solutions\/index.php?rest_route=\/wp\/v2\/product\/1115","targetHints":{"allow":["GET"]}}],"collection":[{"href":"https:\/\/grandline.200.solutions\/index.php?rest_route=\/wp\/v2\/product"}],"about":[{"href":"https:\/\/grandline.200.solutions\/index.php?rest_route=\/wp\/v2\/types\/product"}],"replies":[{"embeddable":true,"href":"https:\/\/grandline.200.solutions\/index.php?rest_route=%2Fwp%2Fv2%2Fcomments&post=1115"}],"wp:featuredmedia":[{"embeddable":true,"href":"https:\/\/grandline.200.solutions\/index.php?rest_route=\/wp\/v2\/media\/1122"}],"wp:attachment":[{"href":"https:\/\/grandline.200.solutions\/index.php?rest_route=%2Fwp%2Fv2%2Fmedia&parent=1115"}],"wp:term":[{"taxonomy":"product_cat","embeddable":true,"href":"https:\/\/grandline.200.solutions\/index.php?rest_route=%2Fwp%2Fv2%2Fproduct_cat&post=1115"},{"taxonomy":"product_tag","embeddable":true,"href":"https:\/\/grandline.200.solutions\/index.php?rest_route=%2Fwp%2Fv2%2Fproduct_tag&post=1115"}],"curies":[{"name":"wp","href":"https:\/\/api.w.org\/{rel}","templated":true}]}}