{"id":1087,"date":"2024-11-06T23:31:15","date_gmt":"2024-11-06T22:31:15","guid":{"rendered":"https:\/\/grandline.200.solutions\/?post_type=product&#038;p=1087"},"modified":"2024-11-13T12:20:11","modified_gmt":"2024-11-13T11:20:11","slug":"sword-art-online-memory-defrag-exq-figure-maid-ver-sinon","status":"publish","type":"product","link":"https:\/\/grandline.200.solutions\/?product=sword-art-online-memory-defrag-exq-figure-maid-ver-sinon","title":{"rendered":"Sword Art Online Memory Defrag EXQ Figure Maid Ver. Sinon"},"content":{"rendered":"<p><span style=\"font-weight: 400;\">Figurka <\/span><b>Sword Art Online Memory Defrag EXQ Figure Maid Ver. Sinon<\/b><span style=\"font-weight: 400;\"> zobrazuje Sinon v maid kost\u00fdmu. Je zde zachycena v sed\u00edc\u00ed pozici s m\u00edrn\u011b zmaten\u00fdm v\u00fdrazem na tv\u00e1\u0159i, co\u017e dod\u00e1v\u00e1 figurce hrav\u00fd a p\u0159ita\u017eliv\u00fd vzhled. Jej\u00ed kost\u00fdm zahrnuje vysok\u00e9 krajkov\u00e9 pun\u010dochy, roztomil\u00e9 \u010dern\u00e9 boty a dvoud\u00edln\u00fd maid outfit s velkou tyrkysovou ma\u0161l\u00ed na z\u00e1dech. Perfektn\u00ed kousek pro ka\u017ed\u00e9ho sb\u011bratele.<\/span><\/p>\n<p><b>Vlastnosti:\u00a0<\/b><\/p>\n<p><span style=\"font-weight: 400;\">V\u00fd\u0161ka &#8211; 12 cm<\/span><\/p>\n<p><span style=\"font-weight: 400;\">Materi\u00e1l &#8211; PVC<\/span><\/p>\n<p><span style=\"font-weight: 400;\">Detailn\u00ed proveden\u00ed<\/span><\/p>\n<p><span style=\"font-weight: 400;\">Sb\u011bratelsk\u00e1 edice<\/span><\/p>\n","protected":false},"excerpt":{"rendered":"<p><span style=\"font-weight: 400;\">Figurka <\/span><b>Sword Art Online Memory Defrag EXQ Figure Maid Ver. Sinon<\/b><span style=\"font-weight: 400;\"> zobrazuje Sinon v maid kost\u00fdmu. Je zde zachycena v sed\u00edc\u00ed pozici s m\u00edrn\u011b zmaten\u00fdm v\u00fdrazem na tv\u00e1\u0159i, co\u017e dod\u00e1v\u00e1 figurce hrav\u00fd a p\u0159ita\u017eliv\u00fd vzhled. Jej\u00ed kost\u00fdm zahrnuje vysok\u00e9 krajkov\u00e9 pun\u010dochy, roztomil\u00e9 \u010dern\u00e9 boty a dvoud\u00edln\u00fd maid outfit s velkou tyrkysovou ma\u0161l\u00ed na z\u00e1dech. Perfektn\u00ed kousek pro ka\u017ed\u00e9ho sb\u011bratele.<\/span><\/p>\n","protected":false},"featured_media":1091,"comment_status":"open","ping_status":"closed","template":"","meta":{"inline_featured_image":false},"product_cat":[77,60,83],"product_tag":[],"class_list":{"0":"post-1087","1":"product","2":"type-product","3":"status-publish","4":"has-post-thumbnail","6":"product_cat-bandai-spirits","7":"product_cat-figurky","8":"product_cat-sword-art-online","10":"first","11":"instock","12":"shipping-taxable","13":"purchasable","14":"product-type-simple"},"_links":{"self":[{"href":"https:\/\/grandline.200.solutions\/index.php?rest_route=\/wp\/v2\/product\/1087","targetHints":{"allow":["GET"]}}],"collection":[{"href":"https:\/\/grandline.200.solutions\/index.php?rest_route=\/wp\/v2\/product"}],"about":[{"href":"https:\/\/grandline.200.solutions\/index.php?rest_route=\/wp\/v2\/types\/product"}],"replies":[{"embeddable":true,"href":"https:\/\/grandline.200.solutions\/index.php?rest_route=%2Fwp%2Fv2%2Fcomments&post=1087"}],"wp:featuredmedia":[{"embeddable":true,"href":"https:\/\/grandline.200.solutions\/index.php?rest_route=\/wp\/v2\/media\/1091"}],"wp:attachment":[{"href":"https:\/\/grandline.200.solutions\/index.php?rest_route=%2Fwp%2Fv2%2Fmedia&parent=1087"}],"wp:term":[{"taxonomy":"product_cat","embeddable":true,"href":"https:\/\/grandline.200.solutions\/index.php?rest_route=%2Fwp%2Fv2%2Fproduct_cat&post=1087"},{"taxonomy":"product_tag","embeddable":true,"href":"https:\/\/grandline.200.solutions\/index.php?rest_route=%2Fwp%2Fv2%2Fproduct_tag&post=1087"}],"curies":[{"name":"wp","href":"https:\/\/api.w.org\/{rel}","templated":true}]}}